{"id":8307,"date":"2025-04-01T13:50:36","date_gmt":"2025-04-01T11:50:36","guid":{"rendered":"https:\/\/wptestkevin.ovh\/.Dev\/?page_id=8307"},"modified":"2025-04-01T13:52:08","modified_gmt":"2025-04-01T11:52:08","slug":"veronique-ray","status":"publish","type":"page","link":"https:\/\/wptestkevin.ovh\/.Dev\/veronique-ray\/","title":{"rendered":"V\u00e9ronique RAY"},"content":{"rendered":"<p>[et_pb_section fb_built=\u00a0\u00bb1&Prime; admin_label=\u00a0\u00bbSection\u00a0\u00bb module_id=\u00a0\u00bbadelus\u00a0\u00bb _builder_version=\u00a0\u00bb4.27.4&Prime; _module_preset=\u00a0\u00bbdefault\u00a0\u00bb background_color=\u00a0\u00bb#f1f3f4&Prime; custom_margin=\u00a0\u00bb0px||0px||true|false\u00a0\u00bb custom_padding=\u00a0\u00bb0px||0px||true|false\u00a0\u00bb animation_style=\u00a0\u00bbfade\u00a0\u00bb da_popup_slug=\u00a0\u00bbadelus\u00a0\u00bb da_disable_devices=\u00a0\u00bboff|off|off\u00a0\u00bb global_colors_info=\u00a0\u00bb{}\u00a0\u00bb da_is_popup=\u00a0\u00bboff\u00a0\u00bb da_exit_intent=\u00a0\u00bboff\u00a0\u00bb da_has_close=\u00a0\u00bbon\u00a0\u00bb da_alt_close=\u00a0\u00bboff\u00a0\u00bb da_dark_close=\u00a0\u00bboff\u00a0\u00bb da_not_modal=\u00a0\u00bbon\u00a0\u00bb da_is_singular=\u00a0\u00bboff\u00a0\u00bb da_with_loader=\u00a0\u00bboff\u00a0\u00bb da_has_shadow=\u00a0\u00bbon\u00a0\u00bb][et_pb_row custom_padding_last_edited=\u00a0\u00bbon|phone\u00a0\u00bb _builder_version=\u00a0\u00bb4.27.4&Prime; _module_preset=\u00a0\u00bbdefault\u00a0\u00bb background_color=\u00a0\u00bb#FFFFFF\u00a0\u00bb width_tablet=\u00a0\u00bb\u00a0\u00bb width_phone=\u00a0\u00bb95%\u00a0\u00bb width_last_edited=\u00a0\u00bbon|phone\u00a0\u00bb custom_padding=\u00a0\u00bb|33px||33px|false|true\u00a0\u00bb custom_padding_tablet=\u00a0\u00bb\u00a0\u00bb custom_padding_phone=\u00a0\u00bb|10px||10px|false|true\u00a0\u00bb global_colors_info=\u00a0\u00bb{}\u00a0\u00bb][et_pb_column type=\u00a0\u00bb4_4&Prime; _builder_version=\u00a0\u00bb4.21.0&Prime; _module_preset=\u00a0\u00bbdefault\u00a0\u00bb global_colors_info=\u00a0\u00bb{}\u00a0\u00bb][et_pb_text _builder_version=\u00a0\u00bb4.21.0&Prime; _module_preset=\u00a0\u00bbdefault\u00a0\u00bb custom_margin=\u00a0\u00bb||10px||false|false\u00a0\u00bb global_colors_info=\u00a0\u00bb{}\u00a0\u00bb]<\/p>\n<h1 class=\"uk-article-title\">V\u00e9ronique Ray<\/h1>\n<p>[\/et_pb_text][et_pb_text _builder_version=\u00a0\u00bb4.25.2&Prime; _module_preset=\u00a0\u00bbdefault\u00a0\u00bb text_orientation=\u00a0\u00bbjustified\u00a0\u00bb global_colors_info=\u00a0\u00bb{}\u00a0\u00bb]<\/p>\n<p><img loading=\"lazy\" decoding=\"async\" class=\"wp-image-4329 alignnone size-medium\" src=\"http:\/\/wptestkevin.ovh\/.Dev\/wp-content\/uploads\/2024\/06\/v-ray2-300x200.jpg\" alt=\"\" width=\"230\" height=\"153\" \/><\/p>\n<p>Dipl\u00f4m\u00e9e de\u00a0<em>l&rsquo;\u00c9cole de commerce de Nancy<\/em>, <span style=\"color: #2271b1;\"><strong>V\u00e9ronique RAY<\/strong><\/span>\u00a0est \u00e9galement titulaire d&rsquo;une licence en art th\u00e9\u00e2tral (Rennes 2) et d&rsquo;un master 2 recherche en art chor\u00e9graphique (Paris 8).\u00a0Elle est \u00e9galement praticienne dipl\u00f4m\u00e9e en Life\/Art Process, m\u00e9thode de coaching cr\u00e9atif de l\u2019Institut Tamalpa (Californie).<\/p>\n<p>Pour la soci\u00e9t\u00e9\u00a0<em>MK2TV<\/em>\u00a0(1998\/2002), elle est administratrice de production. Elle participe au d\u00e9veloppement de films documentaires, recherche leurs financements et g\u00e8re les productions. Au sein du bureau de\u00a0<em>La Gestion des spectacles\u00a0<\/em>(2002-2007), <span style=\"color: #2271b1;\"><strong>V\u00e9ronique RAY<\/strong><\/span>\u00a0est administratrice, elle assure des missions de montage, de direction de production et de diffusion de spectacles. Elle travaille notamment pour Fran\u00e7ois Rancillac, Daniel Mesguich, Philippe Adrien, Genevi\u00e8ve de Kermabon, Jean-Claude Penchenat, Jean-Paul Farr\u00e9. Puis elle assure la direction administrative et financi\u00e8re du\u00a0<em>Centre chor\u00e9graphique national de Rennes et de Bretagne\/Catherine Diverr\u00e8s<\/em>\u00a0et g\u00e8re le changement et la transition de direction artistique (2007\/2008).<\/p>\n<p>En 2011, elle intervient comme consultante pour une mission d&rsquo;\u00e9tude sur la diffusion dans le Nord-Pas-de-Calais, command\u00e9e par la DRAC.<\/p>\n<p>En 2022 et 2024, elle assure le suivi p\u00e9dagogique et intervient au sein du Parcours de diffusion mis en place pour l\u2019Agence Culturelle Grand Est.<\/p>\n<p>Depuis 2012, <span style=\"color: #2271b1;\"><strong>V\u00e9ronique RAY<\/strong><\/span>\u00a0accompagne le d\u00e9veloppement, les productions et la diffusion de la compagnie de danse contemporaine\u00a0<em>A.I.M.E.<\/em>\u00a0(Association d&rsquo;Individus en Mouvements Engag\u00e9s), direction artistique : Julie Nioche.\u00a0Elle participe au P\u00f4le ressources A.I.M.E d\u00e9di\u00e9s aux PasKe\u00a0: Projets artistiques socialement et corporellement engag\u00e9s.<\/p>\n<p>Depuis 2014, elle intervient comme conseil aupr\u00e8s de la compagnie Kachashi, direction artistique : Philippe Ch\u00e9h\u00e8re.<\/p>\n<p><span style=\"color: #2271b1;\"><strong>V\u00e9ronique RAY<\/strong><\/span> est \u00e9galement interpr\u00e8te et chor\u00e9graphe pour des projets chor\u00e9graphiques et auteure de la s\u00e9rie documentaire\u00a0<em>Histoires de th\u00e9\u00e2tre<\/em>, diffus\u00e9 sur La Cinqui\u00e8me (2001-2007). Elle assure la co-direction artistique de la compagnie Fructus Soma (2017-2019).\u00a0Elle propose r\u00e9guli\u00e8rement des ateliers de Life\/Art Process dans diff\u00e9rents contextes. Elle est membre active de l\u2019association Objectif Terre 77 et soci\u00e9taire de la B\u00e2tisse, projet de tiers-lieu dans le sud Seine-et-Marne.<\/p>\n<p>Pour les \u00c9ditions Weka, <span style=\"color: #2271b1;\"><strong>V\u00e9ronique RAY<\/strong><\/span>\u00a0a r\u00e9dig\u00e9 un num\u00e9ro de L&rsquo;Action culturelle en Coulisse d\u00e9di\u00e9 \u00e0 la diffusion du spectacle vivant en France (n\u00b0 39, octobre 2011) ; elle est \u00e9galement l&rsquo;auteure de fiches pratiques du service documentaire\u00a0<em>Manager vos projets culturels<\/em>.<\/p>\n<p><span style=\"color: #2271b1;\"><strong>V\u00e9ronique RAY<\/strong><\/span> intervient lors de rencontres professionnelles. Dans le cadre de la <em>Rencontre Nationale Danse 2017<\/em>organis\u00e9 par la\u00a0<em>F\u00e9d\u00e9ration Arts Vivants et D\u00e9partements<\/em>, elle anime l\u2019atelier \u00ab\u00a0Repr\u00e9senter le corps : que s&rsquo;autorise-t-on ?\u00a0\u00bb. En 2017, elle intervient aux\u00a0<em>Journ\u00e9es du Management Culturel<\/em>\u00a0organis\u00e9 par l&rsquo;association\u00a0<em>Dauphine Culture<\/em>\u00a0lors d&rsquo;une table ronde consacr\u00e9e aux nouvelles pratiques de la diffusion dans le spectacle vivant.<\/p>\n<p><strong><span style=\"color: #2271b1;\">V\u00e9ronique RAY<\/span> <\/strong>est membre de LAPAS, l\u2019association des professionnels de l\u2019administration du spectacle.<\/p>\n<p>Pour l&rsquo;AGECIF, <span style=\"color: #2271b1;\"><strong>V\u00e9ronique RAY<\/strong><\/span>\u00a0est responsable p\u00e9dagogique et formatrice depuis 2008. Elle anime environ 80 journ\u00e9es de formations par an sur la production,\u00a0la vente,\u00a0les dossiers de spectacles, la strat\u00e9gie web, les contrats du spectacle, Excel et les m\u00e9tiers de la production, FileMaker Pro, Photoshop et le d\u00e9veloppement de la cr\u00e9ativit\u00e9.<\/p>\n<p>Elle r\u00e9alise \u00e9galement des accompagnements individuels et personnalis\u00e9s portant sur ces th\u00e8mes.<\/p>\n<p><span class=\"BlueStrong\"><span style=\"color: #2271b1;\"><strong>Bibliographie<\/strong><\/span><br \/><\/span><br \/><em>Produire et diffuser des spectacles : Un enjeu strat\u00e9gique pour le territoire<\/em>, Philippe Baudelot et V\u00e9ronique Ray, Editions Weka, 2013, 157 p.<\/p>\n<p><a href=\"http:\/\/www.individus-en-mouvements.com\/fr\/\" target=\"_blank\" rel=\"noopener\"><img loading=\"lazy\" decoding=\"async\" src=\"https:\/\/wptestkevin.ovh\/.Dev\/images\/photos\/logo_aime.png\" alt=\"logo aime\" width=\"120\" height=\"120\" \/><\/a><\/p>\n<p><a href=\"https:\/\/www.ciekachashi.com\/\" target=\"_blank\" rel=\"noopener\"><img loading=\"lazy\" decoding=\"async\" src=\"https:\/\/wptestkevin.ovh\/.Dev\/images\/photos\/logo_Kachashi.png\" alt=\"logo Kachashi\" width=\"120\" height=\"120\" \/><\/a><\/p>\n<p>En savoir + : <a href=\"https:\/\/www.ciekachashi.com\/\" target=\"_blank\" rel=\"noopener\">www.ciekachashi.com<\/a><\/p>\n<p>[\/et_pb_text][\/et_pb_column][\/et_pb_row][et_pb_row column_structure=\u00a0\u00bb3_5,2_5&Prime; _builder_version=\u00a0\u00bb4.21.0&Prime; _module_preset=\u00a0\u00bbdefault\u00a0\u00bb global_colors_info=\u00a0\u00bb{}\u00a0\u00bb][et_pb_column type=\u00a0\u00bb3_5&Prime; _builder_version=\u00a0\u00bb4.21.0&Prime; _module_preset=\u00a0\u00bbdefault\u00a0\u00bb global_colors_info=\u00a0\u00bb{}\u00a0\u00bb][\/et_pb_column][et_pb_column type=\u00a0\u00bb2_5&Prime; _builder_version=\u00a0\u00bb4.21.0&Prime; _module_preset=\u00a0\u00bbdefault\u00a0\u00bb global_colors_info=\u00a0\u00bb{}\u00a0\u00bb][et_pb_text _builder_version=\u00a0\u00bb4.21.0&Prime; _module_preset=\u00a0\u00bbdefault\u00a0\u00bb text_orientation=\u00a0\u00bbcenter\u00a0\u00bb custom_padding=\u00a0\u00bb10px||10px||true|false\u00a0\u00bb border_width_all=\u00a0\u00bb1px\u00a0\u00bb border_color_all=\u00a0\u00bb#d8d8d8&Prime; global_colors_info=\u00a0\u00bb{}\u00a0\u00bb]<\/p>\n<p>[lmt-post-modified-info]<\/p>\n<p>[\/et_pb_text][\/et_pb_column][\/et_pb_row][\/et_pb_section]<\/p>\n","protected":false},"excerpt":{"rendered":"<p>V\u00e9ronique Ray Dipl\u00f4m\u00e9e de\u00a0l&rsquo;\u00c9cole de commerce de Nancy, V\u00e9ronique RAY\u00a0est \u00e9galement titulaire d&rsquo;une licence en art th\u00e9\u00e2tral (Rennes 2) et d&rsquo;un master 2 recherche en art chor\u00e9graphique (Paris 8).\u00a0Elle est \u00e9galement praticienne dipl\u00f4m\u00e9e en Life\/Art Process, m\u00e9thode de coaching cr\u00e9atif de l\u2019Institut Tamalpa (Californie). Pour la soci\u00e9t\u00e9\u00a0MK2TV\u00a0(1998\/2002), elle est administratrice de production. Elle participe au [&hellip;]<\/p>\n","protected":false},"author":1,"featured_media":0,"parent":0,"menu_order":0,"comment_status":"closed","ping_status":"closed","template":"","meta":{"_et_pb_use_builder":"on","_et_pb_old_content":"","_et_gb_content_width":"","footnotes":""},"class_list":["post-8307","page","type-page","status-publish","hentry"],"_links":{"self":[{"href":"https:\/\/wptestkevin.ovh\/.Dev\/wp-json\/wp\/v2\/pages\/8307","targetHints":{"allow":["GET"]}}],"collection":[{"href":"https:\/\/wptestkevin.ovh\/.Dev\/wp-json\/wp\/v2\/pages"}],"about":[{"href":"https:\/\/wptestkevin.ovh\/.Dev\/wp-json\/wp\/v2\/types\/page"}],"author":[{"embeddable":true,"href":"https:\/\/wptestkevin.ovh\/.Dev\/wp-json\/wp\/v2\/users\/1"}],"replies":[{"embeddable":true,"href":"https:\/\/wptestkevin.ovh\/.Dev\/wp-json\/wp\/v2\/comments?post=8307"}],"version-history":[{"count":4,"href":"https:\/\/wptestkevin.ovh\/.Dev\/wp-json\/wp\/v2\/pages\/8307\/revisions"}],"predecessor-version":[{"id":8314,"href":"https:\/\/wptestkevin.ovh\/.Dev\/wp-json\/wp\/v2\/pages\/8307\/revisions\/8314"}],"wp:attachment":[{"href":"https:\/\/wptestkevin.ovh\/.Dev\/wp-json\/wp\/v2\/media?parent=8307"}],"curies":[{"name":"wp","href":"https:\/\/api.w.org\/{rel}","templated":true}]}}