{"id":8240,"date":"2025-04-01T13:00:35","date_gmt":"2025-04-01T11:00:35","guid":{"rendered":"https:\/\/wptestkevin.ovh\/.Dev\/?page_id=8240"},"modified":"2025-04-01T13:01:44","modified_gmt":"2025-04-01T11:01:44","slug":"sophie-mongis","status":"publish","type":"page","link":"https:\/\/wptestkevin.ovh\/.Dev\/sophie-mongis\/","title":{"rendered":"Sophie MONGIS"},"content":{"rendered":"<p>[et_pb_section fb_built=\u00a0\u00bb1&Prime; admin_label=\u00a0\u00bbSection\u00a0\u00bb module_id=\u00a0\u00bbadelus\u00a0\u00bb _builder_version=\u00a0\u00bb4.27.4&Prime; _module_preset=\u00a0\u00bbdefault\u00a0\u00bb background_color=\u00a0\u00bb#f1f3f4&Prime; custom_margin=\u00a0\u00bb0px||0px||true|false\u00a0\u00bb custom_padding=\u00a0\u00bb0px||0px||true|false\u00a0\u00bb animation_style=\u00a0\u00bbfade\u00a0\u00bb da_popup_slug=\u00a0\u00bbadelus\u00a0\u00bb da_disable_devices=\u00a0\u00bboff|off|off\u00a0\u00bb global_colors_info=\u00a0\u00bb{}\u00a0\u00bb da_is_popup=\u00a0\u00bboff\u00a0\u00bb da_exit_intent=\u00a0\u00bboff\u00a0\u00bb da_has_close=\u00a0\u00bbon\u00a0\u00bb da_alt_close=\u00a0\u00bboff\u00a0\u00bb da_dark_close=\u00a0\u00bboff\u00a0\u00bb da_not_modal=\u00a0\u00bbon\u00a0\u00bb da_is_singular=\u00a0\u00bboff\u00a0\u00bb da_with_loader=\u00a0\u00bboff\u00a0\u00bb da_has_shadow=\u00a0\u00bbon\u00a0\u00bb][et_pb_row custom_padding_last_edited=\u00a0\u00bbon|phone\u00a0\u00bb _builder_version=\u00a0\u00bb4.27.4&Prime; _module_preset=\u00a0\u00bbdefault\u00a0\u00bb background_color=\u00a0\u00bb#FFFFFF\u00a0\u00bb width_tablet=\u00a0\u00bb\u00a0\u00bb width_phone=\u00a0\u00bb95%\u00a0\u00bb width_last_edited=\u00a0\u00bbon|phone\u00a0\u00bb custom_padding=\u00a0\u00bb|33px||33px|false|true\u00a0\u00bb custom_padding_tablet=\u00a0\u00bb\u00a0\u00bb custom_padding_phone=\u00a0\u00bb|10px||10px|false|true\u00a0\u00bb global_colors_info=\u00a0\u00bb{}\u00a0\u00bb][et_pb_column type=\u00a0\u00bb4_4&Prime; _builder_version=\u00a0\u00bb4.21.0&Prime; _module_preset=\u00a0\u00bbdefault\u00a0\u00bb global_colors_info=\u00a0\u00bb{}\u00a0\u00bb][et_pb_text _builder_version=\u00a0\u00bb4.21.0&Prime; _module_preset=\u00a0\u00bbdefault\u00a0\u00bb custom_margin=\u00a0\u00bb||10px||false|false\u00a0\u00bb global_colors_info=\u00a0\u00bb{}\u00a0\u00bb]<\/p>\n<h1 class=\"uk-article-title\">Sophie Mongis<\/h1>\n<p>[\/et_pb_text][et_pb_text _builder_version=\u00a0\u00bb4.25.2&Prime; _module_preset=\u00a0\u00bbdefault\u00a0\u00bb text_orientation=\u00a0\u00bbjustified\u00a0\u00bb global_colors_info=\u00a0\u00bb{}\u00a0\u00bb]<\/p>\n<p><strong><span class=\"Apple-style-span\"><img decoding=\"async\" src=\"http:\/\/wptestkevin.ovh\/.Dev\/wp-content\/uploads\/2024\/06\/s-mongis.jpg\" alt=\"a mongis\" width=\"220\" \/><\/span><\/strong><\/p>\n<p style=\"text-align: justify;\">Issue d\u2019une formation en Droit de l\u2019Innovation, de la Communication et de la Culture, mention Droit du Patrimoine Culturel (Paris XI Jean Monnet), <span style=\"color: #2271b1;\"><strong>Sophie MONGIS<\/strong><\/span> a r\u00e9alis\u00e9 son stage de fin d\u2019\u00e9tude au sein des <em>Productions Jacques Canetti<\/em>, 1er Label de musique ind\u00e9pendant en France.<\/p>\n<p style=\"text-align: justify;\">Apr\u00e8s son Master II en 2011, <span style=\"color: #2271b1;\"><strong>Sophie MONGIS<\/strong><\/span> fonde <em>L\u00e9gi Disco<\/em>, structure d\u2019accompagnement et de formation des porteurs de projets artistiques et culturels, notamment musicaux.<\/p>\n<p style=\"text-align: justify;\">Elle s\u2019engage par ailleurs aupr\u00e8s de la Compagnie de th\u00e9\u00e2tre <em>Sic !<\/em> ainsi qu\u2019aupr\u00e8s de diff\u00e9rents groupes de musiques actuelles comme charg\u00e9e de diffusion.<\/p>\n<p style=\"text-align: justify;\">Par suite, dans le cadre d\u2019une mission de service civique \u00e0 Radio Campus TOURS, <span style=\"color: #2271b1;\"><strong>Sophie MONGIS<\/strong><\/span>\u00a0anime pendant un an l\u2019\u00e9mission quotidienne d\u2019actualit\u00e9s socio-culturelles <em>Sortez !<\/em> avant de passer l\u2019examen du Barreau en 2015.<\/p>\n<p style=\"text-align: justify;\">Dans le cadre de son projet personnel individualis\u00e9 \u00e0 l\u2019Ecole du Centre Ouest des avocats, <span style=\"color: #2271b1;\"><strong>Sophie MONGIS <\/strong><\/span>int\u00e8gre la <em>F\u00e9d\u00e9ration R\u00e9gionale des Acteurs Culturels et Associatifs des Musiques actuelles<\/em> o\u00f9 elle accompagnera juridiquement les porteurs de projets. Elle a r\u00e9alis\u00e9 son m\u00e9moire de fin d\u2019\u00e9cole d\u2019avocats sur <em>Les proc\u00e9d\u00e9s contemporains de cr\u00e9ation musicale face au droit d\u2019Auteur.<\/em><\/p>\n<p style=\"text-align: justify;\">Toutes ces exp\u00e9riences ont renforc\u00e9 sa connaissance des probl\u00e9matiques concr\u00e8tes des acteurs artistiques et culturels et son d\u00e9sir de travailler comme Conseil \u00e0 leur c\u00f4t\u00e9.<\/p>\n<p style=\"text-align: justify;\">Ainsi, depuis sa prestation de Serment en 2017, <span style=\"color: #2271b1;\"><strong>Sophie MONGIS<\/strong><\/span>\u00a0exerce son activit\u00e9 au Barreau de TOURS \u00e0 titre individuel. Elle intervient tant en conseil qu\u2019en contentieux en Droit de la Propri\u00e9t\u00e9 intellectuelle (Droit de la propri\u00e9t\u00e9 litt\u00e9raire et artistique notamment), Droit de l\u2019art et Droit du spectacle vivant. Elle accompagne \u00e0 ce titre les personnes morales de droit priv\u00e9 (soci\u00e9t\u00e9s, association loi 1901), les institutions publiques, les artistes auteurs, les artistes interpr\u00e8tes comme les artistes de spectacle.<\/p>\n<p style=\"text-align: justify;\"><span style=\"color: #2271b1;\"><strong>Sophie MONGIS<\/strong><\/span> enseigne par ailleurs le Droit de la propri\u00e9t\u00e9 litt\u00e9raire et artistique et ses mati\u00e8res connexes au sein du D\u00e9partement <em>Art du Spectacle<\/em> \u00e0 l\u2019Universit\u00e9 Fran\u00e7ois Rabelais \u00e0 TOURS.<\/p>\n<p style=\"text-align: justify;\"><span style=\"color: #2271b1;\"><strong>Sophie MONGIS<\/strong><\/span> int\u00e8gre avec enthousiasme l\u2019\u00e9quipe des formateurs \u00e0 l\u2019AGECIF au mois de juin 2020.<\/p>\n<p style=\"text-align: justify;\">Passionn\u00e9e de musique et d\u2019art dramatique mais aussi d\u2019arts plastiques, <span style=\"color: #2271b1;\"><strong>Sophie MONGIS<\/strong><\/span>\u00a0aime personnellement s\u2019adonner \u00e0 la pratique picturale.<\/p>\n<p>[\/et_pb_text][\/et_pb_column][\/et_pb_row][et_pb_row column_structure=\u00a0\u00bb3_5,2_5&Prime; _builder_version=\u00a0\u00bb4.21.0&Prime; _module_preset=\u00a0\u00bbdefault\u00a0\u00bb global_colors_info=\u00a0\u00bb{}\u00a0\u00bb][et_pb_column type=\u00a0\u00bb3_5&Prime; _builder_version=\u00a0\u00bb4.21.0&Prime; _module_preset=\u00a0\u00bbdefault\u00a0\u00bb global_colors_info=\u00a0\u00bb{}\u00a0\u00bb][\/et_pb_column][et_pb_column type=\u00a0\u00bb2_5&Prime; _builder_version=\u00a0\u00bb4.21.0&Prime; _module_preset=\u00a0\u00bbdefault\u00a0\u00bb global_colors_info=\u00a0\u00bb{}\u00a0\u00bb][et_pb_text _builder_version=\u00a0\u00bb4.21.0&Prime; _module_preset=\u00a0\u00bbdefault\u00a0\u00bb text_orientation=\u00a0\u00bbcenter\u00a0\u00bb custom_padding=\u00a0\u00bb10px||10px||true|false\u00a0\u00bb border_width_all=\u00a0\u00bb1px\u00a0\u00bb border_color_all=\u00a0\u00bb#d8d8d8&Prime; global_colors_info=\u00a0\u00bb{}\u00a0\u00bb]<\/p>\n<p>[lmt-post-modified-info]<\/p>\n<p>[\/et_pb_text][\/et_pb_column][\/et_pb_row][\/et_pb_section]<\/p>\n","protected":false},"excerpt":{"rendered":"<p>Sophie Mongis Issue d\u2019une formation en Droit de l\u2019Innovation, de la Communication et de la Culture, mention Droit du Patrimoine Culturel (Paris XI Jean Monnet), Sophie MONGIS a r\u00e9alis\u00e9 son stage de fin d\u2019\u00e9tude au sein des Productions Jacques Canetti, 1er Label de musique ind\u00e9pendant en France. Apr\u00e8s son Master II en 2011, Sophie MONGIS [&hellip;]<\/p>\n","protected":false},"author":1,"featured_media":0,"parent":0,"menu_order":0,"comment_status":"closed","ping_status":"closed","template":"","meta":{"_et_pb_use_builder":"on","_et_pb_old_content":"","_et_gb_content_width":"","footnotes":""},"class_list":["post-8240","page","type-page","status-publish","hentry"],"_links":{"self":[{"href":"https:\/\/wptestkevin.ovh\/.Dev\/wp-json\/wp\/v2\/pages\/8240","targetHints":{"allow":["GET"]}}],"collection":[{"href":"https:\/\/wptestkevin.ovh\/.Dev\/wp-json\/wp\/v2\/pages"}],"about":[{"href":"https:\/\/wptestkevin.ovh\/.Dev\/wp-json\/wp\/v2\/types\/page"}],"author":[{"embeddable":true,"href":"https:\/\/wptestkevin.ovh\/.Dev\/wp-json\/wp\/v2\/users\/1"}],"replies":[{"embeddable":true,"href":"https:\/\/wptestkevin.ovh\/.Dev\/wp-json\/wp\/v2\/comments?post=8240"}],"version-history":[{"count":4,"href":"https:\/\/wptestkevin.ovh\/.Dev\/wp-json\/wp\/v2\/pages\/8240\/revisions"}],"predecessor-version":[{"id":8247,"href":"https:\/\/wptestkevin.ovh\/.Dev\/wp-json\/wp\/v2\/pages\/8240\/revisions\/8247"}],"wp:attachment":[{"href":"https:\/\/wptestkevin.ovh\/.Dev\/wp-json\/wp\/v2\/media?parent=8240"}],"curies":[{"name":"wp","href":"https:\/\/api.w.org\/{rel}","templated":true}]}}