{"id":7966,"date":"2025-03-26T12:03:36","date_gmt":"2025-03-26T11:03:36","guid":{"rendered":"https:\/\/wptestkevin.ovh\/.Dev\/?page_id=7966"},"modified":"2025-03-26T12:06:28","modified_gmt":"2025-03-26T11:06:28","slug":"jean-pierre-gegauff","status":"publish","type":"page","link":"https:\/\/wptestkevin.ovh\/.Dev\/jean-pierre-gegauff\/","title":{"rendered":"Jean-Pierre GEGAUFF"},"content":{"rendered":"<p>[et_pb_section fb_built=\u00a0\u00bb1&Prime; admin_label=\u00a0\u00bbSection\u00a0\u00bb module_id=\u00a0\u00bbadelus\u00a0\u00bb _builder_version=\u00a0\u00bb4.27.4&Prime; _module_preset=\u00a0\u00bbdefault\u00a0\u00bb background_color=\u00a0\u00bb#f1f3f4&Prime; custom_margin=\u00a0\u00bb0px||0px||true|false\u00a0\u00bb custom_padding=\u00a0\u00bb0px||0px||true|false\u00a0\u00bb animation_style=\u00a0\u00bbfade\u00a0\u00bb da_popup_slug=\u00a0\u00bbadelus\u00a0\u00bb da_disable_devices=\u00a0\u00bboff|off|off\u00a0\u00bb global_colors_info=\u00a0\u00bb{}\u00a0\u00bb da_is_popup=\u00a0\u00bboff\u00a0\u00bb da_exit_intent=\u00a0\u00bboff\u00a0\u00bb da_has_close=\u00a0\u00bbon\u00a0\u00bb da_alt_close=\u00a0\u00bboff\u00a0\u00bb da_dark_close=\u00a0\u00bboff\u00a0\u00bb da_not_modal=\u00a0\u00bbon\u00a0\u00bb da_is_singular=\u00a0\u00bboff\u00a0\u00bb da_with_loader=\u00a0\u00bboff\u00a0\u00bb da_has_shadow=\u00a0\u00bbon\u00a0\u00bb][et_pb_row custom_padding_last_edited=\u00a0\u00bbon|phone\u00a0\u00bb _builder_version=\u00a0\u00bb4.27.4&Prime; _module_preset=\u00a0\u00bbdefault\u00a0\u00bb background_color=\u00a0\u00bb#FFFFFF\u00a0\u00bb width_tablet=\u00a0\u00bb\u00a0\u00bb width_phone=\u00a0\u00bb95%\u00a0\u00bb width_last_edited=\u00a0\u00bbon|phone\u00a0\u00bb custom_padding=\u00a0\u00bb|33px||33px|false|true\u00a0\u00bb custom_padding_tablet=\u00a0\u00bb\u00a0\u00bb custom_padding_phone=\u00a0\u00bb|10px||10px|false|true\u00a0\u00bb global_colors_info=\u00a0\u00bb{}\u00a0\u00bb][et_pb_column type=\u00a0\u00bb4_4&Prime; _builder_version=\u00a0\u00bb4.21.0&Prime; _module_preset=\u00a0\u00bbdefault\u00a0\u00bb global_colors_info=\u00a0\u00bb{}\u00a0\u00bb][et_pb_text _builder_version=\u00a0\u00bb4.21.0&Prime; _module_preset=\u00a0\u00bbdefault\u00a0\u00bb custom_margin=\u00a0\u00bb||10px||false|false\u00a0\u00bb global_colors_info=\u00a0\u00bb{}\u00a0\u00bb]<\/p>\n<h1 class=\"uk-article-title\">Jean-Pierre Gegauff<\/h1>\n<p>[\/et_pb_text][et_pb_text _builder_version=\u00a0\u00bb4.25.2&Prime; _module_preset=\u00a0\u00bbdefault\u00a0\u00bb text_orientation=\u00a0\u00bbjustified\u00a0\u00bb global_colors_info=\u00a0\u00bb{}\u00a0\u00bb]<\/p>\n<div class=\"article-content\">\n<p style=\"text-align: justify;\"><span style=\"font-size: 15px;\">Professionnel du spectacle vivant depuis 1995, <\/span><span style=\"font-size: 15px; color: #2271b1;\"><strong>Jean-Pierre Gegauff<\/strong><\/span><span style=\"font-size: 15px;\">\u00a0occupe le poste de Directeur technique, et depuis 2006, il exerce \u00e9galement en tant que Formateur en formation professionnelle dans ce domaine. En sa qualit\u00e9 de R\u00e9f\u00e9rent de la formation r\u00e9gisseur g\u00e9n\u00e9ral au CFPTS, son expertise s&rsquo;\u00e9tend sur divers aspects du spectacle vivant et de l&rsquo;\u00e9v\u00e9nementiel.<\/span><\/p>\n<p style=\"text-align: justify;\"><span><span style=\"color: #2271b1;\"><strong>Jean-Pierre Gegauff<\/strong><\/span>\u00a0a acquis une riche exp\u00e9rience dans le spectacle vivant et l&rsquo;\u00e9v\u00e9nementiel, d\u00e9montrant ses comp\u00e9tences polyvalentes. Parmi ses fonctions notables, il a \u00e9t\u00e9 Directeur technique et responsable de la s\u00e9curit\u00e9 des publics du salon du livre et de la presse jeunesse en Seine-Saint-Denis de 2003 \u00e0 2019. Il a \u00e9galement occup\u00e9 le poste de Directeur technique des festivals du parc floral de Paris (Paris Jazz Festival, Classique au vert et Pestacles) de 2019 \u00e0 2020.<\/span><\/p>\n<p style=\"text-align: justify;\"><span>Au-del\u00e0 de ces responsabilit\u00e9s, il a \u00e9t\u00e9 impliqu\u00e9 dans des projets vari\u00e9s tels que Directeur technique du festival itin\u00e9rant Caravane des Quartiers de 1995 \u00e0 2001, Directeur technique pour le concert de cl\u00f4ture du SPAM \u00e0 Annemasse (74), et Responsable de production pour Reed Midem au Martinez \u00e0 Cannes de 1999 \u00e0 2005. Son expertise s&rsquo;\u00e9tend \u00e9galement \u00e0 des domaines tels que la r\u00e9gie g\u00e9n\u00e9rale pour le th\u00e9\u00e2tre de rue, des d\u00e9fil\u00e9s de mode, des concerts et des r\u00e9sidences de fin d&rsquo;apprentissage.<\/span><\/p>\n<p style=\"text-align: justify;\"><span>Dans le domaine de la formation professionnelle, <span style=\"color: #2271b1;\"><strong>Jean-Pierre Gegauff<\/strong><\/span>\u00a0<\/span><span>a occup\u00e9 le r\u00f4le de Formateur en s\u00e9curit\u00e9 des spectacles et gestion des risques depuis 2006 au CFPTS et \u00e0 l\u2019IRMA. Il est \u00e9galement intervenu en tant que Formateur CRAMIF en \u00e9valuation des risques professionnels et en formation de salari\u00e9s d\u00e9sign\u00e9s comp\u00e9tents. Sa contribution en tant que consultant dans la mise en place d\u2019une politique de management du risque sp\u00e9cifique au domaine du spectacle et de l&rsquo;\u00e9v\u00e9nementiel a \u00e9t\u00e9 remarquable aupr\u00e8s de diverses organisations telles que CPLJ 93, Le Samovar et La Cigale.<\/span><\/p>\n<p style=\"text-align: justify;\"><span><span style=\"color: #2271b1;\"><strong>Jean-Pierre Gegauff<\/strong><\/span>\u00a0a anim\u00e9 des formations vari\u00e9es, couvrant des certificats de s\u00e9curit\u00e9 dans les lieux de spectacle, la pr\u00e9vention des risques professionnels dans le spectacle, la gestion sonore, la gestion des risques fondamentaux, et l&rsquo;analyse des risques administratifs dans les institutions priv\u00e9es ou publiques.<\/span><\/p>\n<p style=\"text-align: justify;\"><span>Il a dispens\u00e9 des formations telles que Directeur technique au CFPTS, Formations CFA r\u00e9gisseurs et techniciens au CFPTS, et Profession entrepreneur de spectacle \u00e0 l\u2019IRMA. De plus, il a contribu\u00e9 \u00e0 la formation d&rsquo;Administrateurs\/ producteurs de projets culturels \u00e0 l&rsquo;universit\u00e9 de Paris Nanterre.<\/span><\/p>\n<p style=\"text-align: justify;\"><span><span style=\"color: #2271b1;\"><strong>Jean-Pierre Gegauff<\/strong><\/span>\u00a0a partag\u00e9 son savoir dans des \u00e9tablissements scolaires et universitaires tels que l&rsquo;Universit\u00e9 Paris Nanterre, le CFA ACE, et l&rsquo;ISTEC.<\/span><\/p>\n<p style=\"text-align: justify;\"><span>Il a \u00e9galement contribu\u00e9 \u00e0 plusieurs articles, dont certains ont \u00e9t\u00e9 publi\u00e9s dans des m\u00e9dias tels que l&rsquo;IRMA, le journal des Eurock\u00e9ennes, et un livre de JC Herry sur le d\u00e9veloppement durable dans le spectacle vivant.<\/span><\/p>\n<p style=\"text-align: justify;\"><span><span style=\"color: #2271b1;\"><strong>Jean-Pierre Gegauff<\/strong><\/span>\u00a0a constamment cherch\u00e9 \u00e0 enrichir ses connaissances \u00e0 travers des formations continues, notamment en Connaissance juridique du domaine public, Assurance et responsabilit\u00e9 dans le spectacle, et Formation au management responsable du spectacle. Il d\u00e9tient une Ma\u00eetrise de g\u00e9ographie de l&rsquo;universit\u00e9 Paris VII, un DEA d&rsquo;imagerie satellitaire et g\u00e9ographie physique \u00e0 l&rsquo;EHESS Paris, et des formations sp\u00e9cifiques de formateurs. Il est \u00e9galement comp\u00e9tent en espagnol.<\/span><\/p>\n<\/div>\n<p>[\/et_pb_text][\/et_pb_column][\/et_pb_row][et_pb_row column_structure=\u00a0\u00bb3_5,2_5&Prime; _builder_version=\u00a0\u00bb4.21.0&Prime; _module_preset=\u00a0\u00bbdefault\u00a0\u00bb global_colors_info=\u00a0\u00bb{}\u00a0\u00bb][et_pb_column type=\u00a0\u00bb3_5&Prime; _builder_version=\u00a0\u00bb4.21.0&Prime; _module_preset=\u00a0\u00bbdefault\u00a0\u00bb global_colors_info=\u00a0\u00bb{}\u00a0\u00bb][\/et_pb_column][et_pb_column type=\u00a0\u00bb2_5&Prime; _builder_version=\u00a0\u00bb4.21.0&Prime; _module_preset=\u00a0\u00bbdefault\u00a0\u00bb global_colors_info=\u00a0\u00bb{}\u00a0\u00bb][et_pb_text _builder_version=\u00a0\u00bb4.21.0&Prime; _module_preset=\u00a0\u00bbdefault\u00a0\u00bb text_orientation=\u00a0\u00bbcenter\u00a0\u00bb custom_padding=\u00a0\u00bb10px||10px||true|false\u00a0\u00bb border_width_all=\u00a0\u00bb1px\u00a0\u00bb border_color_all=\u00a0\u00bb#d8d8d8&Prime; global_colors_info=\u00a0\u00bb{}\u00a0\u00bb]<\/p>\n<p>[lmt-post-modified-info]<\/p>\n<p>[\/et_pb_text][\/et_pb_column][\/et_pb_row][\/et_pb_section]<\/p>\n","protected":false},"excerpt":{"rendered":"<p>Jean-Pierre Gegauff Professionnel du spectacle vivant depuis 1995, Jean-Pierre Gegauff\u00a0occupe le poste de Directeur technique, et depuis 2006, il exerce \u00e9galement en tant que Formateur en formation professionnelle dans ce domaine. En sa qualit\u00e9 de R\u00e9f\u00e9rent de la formation r\u00e9gisseur g\u00e9n\u00e9ral au CFPTS, son expertise s&rsquo;\u00e9tend sur divers aspects du spectacle vivant et de l&rsquo;\u00e9v\u00e9nementiel. [&hellip;]<\/p>\n","protected":false},"author":1,"featured_media":0,"parent":0,"menu_order":0,"comment_status":"closed","ping_status":"closed","template":"","meta":{"_et_pb_use_builder":"on","_et_pb_old_content":"","_et_gb_content_width":"","footnotes":""},"class_list":["post-7966","page","type-page","status-publish","hentry"],"_links":{"self":[{"href":"https:\/\/wptestkevin.ovh\/.Dev\/wp-json\/wp\/v2\/pages\/7966","targetHints":{"allow":["GET"]}}],"collection":[{"href":"https:\/\/wptestkevin.ovh\/.Dev\/wp-json\/wp\/v2\/pages"}],"about":[{"href":"https:\/\/wptestkevin.ovh\/.Dev\/wp-json\/wp\/v2\/types\/page"}],"author":[{"embeddable":true,"href":"https:\/\/wptestkevin.ovh\/.Dev\/wp-json\/wp\/v2\/users\/1"}],"replies":[{"embeddable":true,"href":"https:\/\/wptestkevin.ovh\/.Dev\/wp-json\/wp\/v2\/comments?post=7966"}],"version-history":[{"count":4,"href":"https:\/\/wptestkevin.ovh\/.Dev\/wp-json\/wp\/v2\/pages\/7966\/revisions"}],"predecessor-version":[{"id":7974,"href":"https:\/\/wptestkevin.ovh\/.Dev\/wp-json\/wp\/v2\/pages\/7966\/revisions\/7974"}],"wp:attachment":[{"href":"https:\/\/wptestkevin.ovh\/.Dev\/wp-json\/wp\/v2\/media?parent=7966"}],"curies":[{"name":"wp","href":"https:\/\/api.w.org\/{rel}","templated":true}]}}