{"id":7883,"date":"2025-03-25T16:07:16","date_gmt":"2025-03-25T15:07:16","guid":{"rendered":"https:\/\/wptestkevin.ovh\/.Dev\/?page_id=7883"},"modified":"2025-03-25T16:08:42","modified_gmt":"2025-03-25T15:08:42","slug":"sebastien-fevre","status":"publish","type":"page","link":"https:\/\/wptestkevin.ovh\/.Dev\/sebastien-fevre\/","title":{"rendered":"S\u00e9bastien FEVRE"},"content":{"rendered":"<p>[et_pb_section fb_built=\u00a0\u00bb1&Prime; admin_label=\u00a0\u00bbSection\u00a0\u00bb module_id=\u00a0\u00bbadelus\u00a0\u00bb _builder_version=\u00a0\u00bb4.27.4&Prime; _module_preset=\u00a0\u00bbdefault\u00a0\u00bb background_color=\u00a0\u00bb#f1f3f4&Prime; custom_margin=\u00a0\u00bb0px||0px||true|false\u00a0\u00bb custom_padding=\u00a0\u00bb0px||0px||true|false\u00a0\u00bb animation_style=\u00a0\u00bbfade\u00a0\u00bb da_popup_slug=\u00a0\u00bbadelus\u00a0\u00bb da_disable_devices=\u00a0\u00bboff|off|off\u00a0\u00bb global_colors_info=\u00a0\u00bb{}\u00a0\u00bb da_is_popup=\u00a0\u00bboff\u00a0\u00bb da_exit_intent=\u00a0\u00bboff\u00a0\u00bb da_has_close=\u00a0\u00bbon\u00a0\u00bb da_alt_close=\u00a0\u00bboff\u00a0\u00bb da_dark_close=\u00a0\u00bboff\u00a0\u00bb da_not_modal=\u00a0\u00bbon\u00a0\u00bb da_is_singular=\u00a0\u00bboff\u00a0\u00bb da_with_loader=\u00a0\u00bboff\u00a0\u00bb da_has_shadow=\u00a0\u00bbon\u00a0\u00bb][et_pb_row custom_padding_last_edited=\u00a0\u00bbon|phone\u00a0\u00bb _builder_version=\u00a0\u00bb4.27.4&Prime; _module_preset=\u00a0\u00bbdefault\u00a0\u00bb background_color=\u00a0\u00bb#FFFFFF\u00a0\u00bb width_tablet=\u00a0\u00bb\u00a0\u00bb width_phone=\u00a0\u00bb95%\u00a0\u00bb width_last_edited=\u00a0\u00bbon|phone\u00a0\u00bb custom_padding=\u00a0\u00bb|33px||33px|false|true\u00a0\u00bb custom_padding_tablet=\u00a0\u00bb\u00a0\u00bb custom_padding_phone=\u00a0\u00bb|10px||10px|false|true\u00a0\u00bb global_colors_info=\u00a0\u00bb{}\u00a0\u00bb][et_pb_column type=\u00a0\u00bb4_4&Prime; _builder_version=\u00a0\u00bb4.21.0&Prime; _module_preset=\u00a0\u00bbdefault\u00a0\u00bb global_colors_info=\u00a0\u00bb{}\u00a0\u00bb][et_pb_text _builder_version=\u00a0\u00bb4.21.0&Prime; _module_preset=\u00a0\u00bbdefault\u00a0\u00bb custom_margin=\u00a0\u00bb||10px||false|false\u00a0\u00bb global_colors_info=\u00a0\u00bb{}\u00a0\u00bb]<\/p>\n<h1 class=\"uk-article-title\">S\u00e9bastien Fevre<\/h1>\n<p>[\/et_pb_text][et_pb_text _builder_version=\u00a0\u00bb4.25.2&Prime; _module_preset=\u00a0\u00bbdefault\u00a0\u00bb text_orientation=\u00a0\u00bbjustified\u00a0\u00bb global_colors_info=\u00a0\u00bb{}\u00a0\u00bb]<\/p>\n<p><img loading=\"lazy\" decoding=\"async\" src=\"http:\/\/wptestkevin.ovh\/.Dev\/wp-content\/uploads\/2024\/06\/s-fevre.jpg\" alt=\"sebastien-fevre\" width=\"200\" height=\"231\" \/><\/p>\n<p>Titulaire d\u2019un <em>Master Arts du Spectacle<\/em> \u00e0 l\u2019<em>Universit\u00e9 de Montpellier<\/em>, <span style=\"color: #2271b1;\"><strong>S\u00e9bastien Fevre<\/strong><\/span> a particip\u00e9, en tant qu\u2019assistant \u00e0 la mise en sc\u00e8ne ou en tant que r\u00e9gisseur, \u00e0 la cr\u00e9ation en <em>France<\/em> de nombreuses com\u00e9dies musicales import\u00e9es de <em>Broadway<\/em> et d\u2019\u00e9v\u00e8nements internationaux.<\/p>\n<p>Sa polyvalence am\u00e8ne <span style=\"color: #2271b1;\"><strong>S\u00e9bastien Fevre<\/strong><\/span>\u00a0\u00e0 travailler sur plusieurs productions de l\u2019<em>Op\u00e9ra National de Montpellie<\/em>r ainsi que sur diff\u00e9rents spectacles de grandes envergures comme <em>A\u00cfDA<\/em> au <em>Stade de France<\/em>, les C\u00e9r\u00e9monies comm\u00e9moratives officielles du <em>70\u00e8me anniversaire du D\u00e9barquement en Normandie<\/em> et du <em>Centenaire de la Bataille de Verdun<\/em>.<\/p>\n<p>En 2015, <span style=\"color: #2271b1;\"><strong>S\u00e9bastien Fevre<\/strong><\/span>\u00a0signe sa premi\u00e8re mise en sc\u00e8ne : <em>BONS BAISERS DE BROADWAY<\/em> qui sera jou\u00e9 durant trois saisons.<\/p>\n<p><span style=\"color: #2271b1;\"><strong>S\u00e9bastien Fevre<\/strong><\/span> collabore \u00e9galement sur les castings de <em>GREASE, BODYGUARD, CHICAGO<\/em>\u2026\u00a0aupr\u00e8s des \u00e9quipes cr\u00e9atives internationales et dirige les castings de la nouvelle tourn\u00e9e de <em>DIRTY DANCING &#8211; L\u2019HISTOIRE ORIGINALE SUR SC\u00c8NE<\/em>.<\/p>\n<p>En 2019, <span style=\"color: #2271b1;\"><strong>S\u00e9bastien Fevre<\/strong><\/span>\u00a0est le topeur principal de la 12\u00e8 \u00e9dition de la <em>F\u00caTE DES VIGNERONS<\/em> \u00e0 <em>Vevey (Suisse),<\/em>\u00e9v\u00e8nement unique qui ne se d\u00e9roule que 4 fois par si\u00e8cle et mis en sc\u00e8ne par <em>Daniele Finzi Pasca (Cirque du Soleil, C\u00e9r\u00e9monies Olympiques de Turin et Sochi)<\/em>.<\/p>\n<p>Depuis 2021, <span style=\"color: #2271b1;\"><strong>S\u00e9bastien Fevre<\/strong><\/span>\u00a0est r\u00e9gisseur g\u00e9n\u00e9ral sur la nouvelle production de la com\u00e9die musicale <em>LE ROI LION<\/em> pr\u00e9sent\u00e9e au <em>Th\u00e9\u00e2tre Mogador<\/em> et retrouvera <em>Jean-Luc Revol<\/em> en 2022 en tant qu&rsquo;assistant mise en sc\u00e8ne sur la pi\u00e8ce de <em>Carlo Goldoni<\/em> <em>LE CHEVALIER ET LA DAME<\/em>.<\/p>\n<p><span style=\"color: #2271b1;\"><strong>Ses m\u00e9tiers :<\/strong><\/span><br \/>&#8211; Metteur en sc\u00e8ne r\u00e9sident et associ\u00e9 \/ Assistant metteur en sc\u00e8ne.<br \/>&#8211; R\u00e9gisseur-Topeur \/ Show-caller.<br \/>&#8211; Direction de casting \/ Assistant Directeur de casting.<\/p>\n<p><span style=\"color: #2271b1;\"><strong>S\u00e9bastien Fevre<\/strong><\/span> est totalement bilingue Fran\u00e7ais\/Anglais. Il travaille 80% de son temps en anglais avec des \u00e9quipes artistiques, techniques et administratives internationales.<\/p>\n<p>[\/et_pb_text][\/et_pb_column][\/et_pb_row][et_pb_row column_structure=\u00a0\u00bb3_5,2_5&Prime; _builder_version=\u00a0\u00bb4.21.0&Prime; _module_preset=\u00a0\u00bbdefault\u00a0\u00bb global_colors_info=\u00a0\u00bb{}\u00a0\u00bb][et_pb_column type=\u00a0\u00bb3_5&Prime; _builder_version=\u00a0\u00bb4.21.0&Prime; _module_preset=\u00a0\u00bbdefault\u00a0\u00bb global_colors_info=\u00a0\u00bb{}\u00a0\u00bb][\/et_pb_column][et_pb_column type=\u00a0\u00bb2_5&Prime; _builder_version=\u00a0\u00bb4.21.0&Prime; _module_preset=\u00a0\u00bbdefault\u00a0\u00bb global_colors_info=\u00a0\u00bb{}\u00a0\u00bb][et_pb_text _builder_version=\u00a0\u00bb4.21.0&Prime; _module_preset=\u00a0\u00bbdefault\u00a0\u00bb text_orientation=\u00a0\u00bbcenter\u00a0\u00bb custom_padding=\u00a0\u00bb10px||10px||true|false\u00a0\u00bb border_width_all=\u00a0\u00bb1px\u00a0\u00bb border_color_all=\u00a0\u00bb#d8d8d8&Prime; global_colors_info=\u00a0\u00bb{}\u00a0\u00bb]<\/p>\n<p>[lmt-post-modified-info]<\/p>\n<p>[\/et_pb_text][\/et_pb_column][\/et_pb_row][\/et_pb_section]<\/p>\n","protected":false},"excerpt":{"rendered":"<p>S\u00e9bastien Fevre Titulaire d\u2019un Master Arts du Spectacle \u00e0 l\u2019Universit\u00e9 de Montpellier, S\u00e9bastien Fevre a particip\u00e9, en tant qu\u2019assistant \u00e0 la mise en sc\u00e8ne ou en tant que r\u00e9gisseur, \u00e0 la cr\u00e9ation en France de nombreuses com\u00e9dies musicales import\u00e9es de Broadway et d\u2019\u00e9v\u00e8nements internationaux. Sa polyvalence am\u00e8ne S\u00e9bastien Fevre\u00a0\u00e0 travailler sur plusieurs productions de l\u2019Op\u00e9ra [&hellip;]<\/p>\n","protected":false},"author":1,"featured_media":0,"parent":0,"menu_order":0,"comment_status":"closed","ping_status":"closed","template":"","meta":{"_et_pb_use_builder":"on","_et_pb_old_content":"","_et_gb_content_width":"","footnotes":""},"class_list":["post-7883","page","type-page","status-publish","hentry"],"_links":{"self":[{"href":"https:\/\/wptestkevin.ovh\/.Dev\/wp-json\/wp\/v2\/pages\/7883","targetHints":{"allow":["GET"]}}],"collection":[{"href":"https:\/\/wptestkevin.ovh\/.Dev\/wp-json\/wp\/v2\/pages"}],"about":[{"href":"https:\/\/wptestkevin.ovh\/.Dev\/wp-json\/wp\/v2\/types\/page"}],"author":[{"embeddable":true,"href":"https:\/\/wptestkevin.ovh\/.Dev\/wp-json\/wp\/v2\/users\/1"}],"replies":[{"embeddable":true,"href":"https:\/\/wptestkevin.ovh\/.Dev\/wp-json\/wp\/v2\/comments?post=7883"}],"version-history":[{"count":4,"href":"https:\/\/wptestkevin.ovh\/.Dev\/wp-json\/wp\/v2\/pages\/7883\/revisions"}],"predecessor-version":[{"id":7889,"href":"https:\/\/wptestkevin.ovh\/.Dev\/wp-json\/wp\/v2\/pages\/7883\/revisions\/7889"}],"wp:attachment":[{"href":"https:\/\/wptestkevin.ovh\/.Dev\/wp-json\/wp\/v2\/media?parent=7883"}],"curies":[{"name":"wp","href":"https:\/\/api.w.org\/{rel}","templated":true}]}}