{"id":7827,"date":"2025-03-25T11:03:25","date_gmt":"2025-03-25T10:03:25","guid":{"rendered":"https:\/\/wptestkevin.ovh\/.Dev\/?page_id=7827"},"modified":"2025-03-25T11:04:44","modified_gmt":"2025-03-25T10:04:44","slug":"philippe-decoufle","status":"publish","type":"page","link":"https:\/\/wptestkevin.ovh\/.Dev\/philippe-decoufle\/","title":{"rendered":"Philippe DECOUFLE"},"content":{"rendered":"<p>[et_pb_section fb_built=\u00a0\u00bb1&Prime; admin_label=\u00a0\u00bbSection\u00a0\u00bb module_id=\u00a0\u00bbadelus\u00a0\u00bb _builder_version=\u00a0\u00bb4.27.4&Prime; _module_preset=\u00a0\u00bbdefault\u00a0\u00bb background_color=\u00a0\u00bb#f1f3f4&Prime; custom_margin=\u00a0\u00bb0px||0px||true|false\u00a0\u00bb custom_padding=\u00a0\u00bb0px||0px||true|false\u00a0\u00bb animation_style=\u00a0\u00bbfade\u00a0\u00bb da_popup_slug=\u00a0\u00bbadelus\u00a0\u00bb da_disable_devices=\u00a0\u00bboff|off|off\u00a0\u00bb global_colors_info=\u00a0\u00bb{}\u00a0\u00bb da_is_popup=\u00a0\u00bboff\u00a0\u00bb da_exit_intent=\u00a0\u00bboff\u00a0\u00bb da_has_close=\u00a0\u00bbon\u00a0\u00bb da_alt_close=\u00a0\u00bboff\u00a0\u00bb da_dark_close=\u00a0\u00bboff\u00a0\u00bb da_not_modal=\u00a0\u00bbon\u00a0\u00bb da_is_singular=\u00a0\u00bboff\u00a0\u00bb da_with_loader=\u00a0\u00bboff\u00a0\u00bb da_has_shadow=\u00a0\u00bbon\u00a0\u00bb][et_pb_row custom_padding_last_edited=\u00a0\u00bbon|phone\u00a0\u00bb _builder_version=\u00a0\u00bb4.27.4&Prime; _module_preset=\u00a0\u00bbdefault\u00a0\u00bb background_color=\u00a0\u00bb#FFFFFF\u00a0\u00bb width_tablet=\u00a0\u00bb\u00a0\u00bb width_phone=\u00a0\u00bb95%\u00a0\u00bb width_last_edited=\u00a0\u00bbon|phone\u00a0\u00bb custom_padding=\u00a0\u00bb|33px||33px|false|true\u00a0\u00bb custom_padding_tablet=\u00a0\u00bb\u00a0\u00bb custom_padding_phone=\u00a0\u00bb|10px||10px|false|true\u00a0\u00bb global_colors_info=\u00a0\u00bb{}\u00a0\u00bb][et_pb_column type=\u00a0\u00bb4_4&Prime; _builder_version=\u00a0\u00bb4.21.0&Prime; _module_preset=\u00a0\u00bbdefault\u00a0\u00bb global_colors_info=\u00a0\u00bb{}\u00a0\u00bb][et_pb_text _builder_version=\u00a0\u00bb4.21.0&Prime; _module_preset=\u00a0\u00bbdefault\u00a0\u00bb custom_margin=\u00a0\u00bb||10px||false|false\u00a0\u00bb global_colors_info=\u00a0\u00bb{}\u00a0\u00bb]<\/p>\n<h1 class=\"uk-article-title\"><a href=\"https:\/\/wptestkevin.ovh\/.Dev\/24-les-formatrices-et-les-formateurs\/573-philippe-decoufle.html?ml=1\" class=\"modal_link rl_modals_element\" data-modal-title=\"Philippe Decoufl\u00e9\" data-modal-done=\"1\">Philippe Decoufl\u00e9<\/a><\/h1>\n<p>[\/et_pb_text][et_pb_text _builder_version=\u00a0\u00bb4.25.2&Prime; _module_preset=\u00a0\u00bbdefault\u00a0\u00bb text_orientation=\u00a0\u00bbjustified\u00a0\u00bb global_colors_info=\u00a0\u00bb{}\u00a0\u00bb]<\/p>\n<p><img loading=\"lazy\" decoding=\"async\" src=\"http:\/\/wptestkevin.ovh\/.Dev\/wp-content\/uploads\/2024\/06\/p-decoufle.jpg\" alt=\"p decoufl\u00e9\" width=\"230\" height=\"230\" \/><\/p>\n<p><strong>Danseur, chor\u00e9graphe. N\u00e9 \u00e0 Paris, le 22 octobre 1961<\/strong><\/p>\n<p style=\"text-align: justify;\">Apr\u00e8s s\u2019\u00eatre form\u00e9 au cirque, au mime et \u00e0 la danse contemporaine, <span style=\"color: #2271b1;\"><strong>Philippe Decoufl\u00e9<\/strong><\/span> fonde en 1983 la Compagnie DCA. Avec des influences aussi vari\u00e9es qu&rsquo;Oskar Schlemmer et son\u00a0<em>Ballet Triadique<\/em>, Tex Avery, Alwin Nikola\u00efs ou Groucho Marx, il trouve une signature hybride, entre mouvement, machinerie de th\u00e9\u00e2tre et magie du cin\u00e9ma. Il cr\u00e9\u00e9 des spectacles comme\u00a0<em>Codex, Triton<\/em>\u00a0ou\u00a0<em>Shazam!<\/em>\u00a0mais orchestre aussi des \u00e9v\u00e9nements populaires comme les c\u00e9r\u00e9monies des Jeux Olympiques d\u2019Albertville (1992), du 50e Festival de Cannes (1997) ou\u00a0<em>La M\u00eal\u00e9e des mondes<\/em>\u00a0pour la Coupe du monde de rugby (2007). En 2006, il pr\u00e9sente \u00e0 La Villette\u00a0<em>L\u2019Autre d\u00e9fil\u00e9<\/em>, d\u00e9ployant les extravagants costumes de l\u2019Op\u00e9ra de Paris et de la Com\u00e9die-Fran\u00e7aise. Apr\u00e8s\u00a0<em>D\u00e9sirs<\/em>, relecture de la revue du Crazy Horse pr\u00e9sent\u00e9e en 2009 et toujours \u00e0 l\u2019affiche, <span style=\"color: #2271b1;\"><strong>Philippe Decoufl\u00e9<\/strong><\/span>\u00a0cr\u00e9e en 2010\u00a0<em>Octopus<\/em>. En 2011, il r\u00e9pond \u00e0 l\u2019invitation du Cirque du Soleil en cr\u00e9ant\u00a0<em>Iris<\/em>, spectacle permanent sur le th\u00e8me du cin\u00e9ma, au Kodak Theater de Los Angeles. Pour\u00a0<em>Panorama<\/em>, cr\u00e9\u00e9 en 2012, il revisite l\u2019ensemble de son travail avec la Compagnie DCA de\u00a0<em>Vague Caf\u00e9<\/em>\u00a0(1983) \u00e0\u00a0<em>Sombrero<\/em>\u00a0(2006). La m\u00eame ann\u00e9e est cr\u00e9\u00e9 le projet\u00a0<em>Opticon<\/em>, exposition d\u2019installations ludiques et interactives autour de l\u2019optique. En 2014, il cr\u00e9e\u00a0<em>Contact<\/em>, une com\u00e9die musicale et visuelle pour seize danseurs, acteurs, chanteurs et musiciens. En 2015, <span style=\"color: #2271b1;\"><strong>Philippe Decoufl\u00e9<\/strong><\/span>\u00a0cr\u00e9e\u00a0<em>Wiebo<\/em>, un concert performance en hommage \u00e0 <em>David Bowie<\/em>, commande de la Philharmonie de Paris parall\u00e8lement \u00e0 l\u2019exposition \u00e9v\u00e9nement\u00a0<em>Bowie is..<\/em>.<\/p>\n<p style=\"text-align: justify;\">En 2016, il r\u00e9pond \u00e0 une nouvelle commande du Cirque du Soleil. Il cr\u00e9e une com\u00e9die musicale pour Broadway pour 38 interpr\u00e8tes, intitul\u00e9\u00a0<em>Paramour<\/em>\u00a0au Lyric Theater, devenant ainsi le premier metteur en sc\u00e8ne fran\u00e7ais \u00e0 pr\u00e9senter un spectacle sur la 42e rue. Apr\u00e8s un bref retour en France pour\u00a0<em>Courtepointe<\/em>, s\u00e9rie de performances pr\u00e9sent\u00e9e au Th\u00e9\u00e2tre National de Bretagne, il part ensuite au Japon pour une nouvelle com\u00e9die musicale\u00a0<em>Watashi wa Shingo<\/em>, adaptation du manga \u00e9ponyme. 2017 voit la cr\u00e9ation de\u00a0<em>Nouvelles Pi\u00e8ces Courtes<\/em>. En 2019, l\u2019un des tableaux de ce spectacle est port\u00e9 \u00e0 l\u2019\u00e9cran sous le nom de\u00a0<em>Vivaldis<\/em>, court-m\u00e9trage, film\u00e9 dans la nature. Cette m\u00eame ann\u00e9e\u00a0<em>Tout doit dispara\u00eetre<\/em>, \u00e9v\u00e9nement r\u00e9unissant 40 artistes de la compagnie et retra\u00e7ant 35 ans de cr\u00e9ation, est pr\u00e9sent\u00e9 \u00e0 Chaillot.<br \/>La pi\u00e8ce\u00a0<em>Shazam<\/em>\u00a0est remont\u00e9e en 2021 avec une partie des interpr\u00e8tes de la version de 1998 et d\u2019autres qui collaborent depuis plus r\u00e9cemment avec la Compagnie DCA.<br \/>En 2022, <span style=\"color: #2271b1;\"><strong>Philippe Decoufl\u00e9<\/strong><\/span>\u00a0cr\u00e9e une nouvelle pi\u00e8ce \u00e0 l\u2019\u00e9nergie rock pour 5 danseurs et 3 musiciens,\u00a0<em>St\u00e9r\u00e9o<\/em>.<\/p>\n<p style=\"text-align: justify;\"><em>\u00ab Enfant je r\u00eavais de devenir dessinateur de BD. Le dessin est souvent au d\u00e9part de mon processus de cr\u00e9ation. Je jette des id\u00e9es, croque des images qui me passent par la t\u00eate. Ma culture, c\u2019est la BD, la com\u00e9die musicale, la danse dans les bo\u00eetes de nuit, et&#8230; Oskar Schlemmer, chor\u00e9graphe du Bauhaus. La d\u00e9couverte des photos des personnages de son Ballet triadique a \u00e9t\u00e9 une r\u00e9v\u00e9lation. J\u2019avais envie, depuis longtemps, de travailler avec des formes g\u00e9om\u00e9triques simples : un cube, un triangle, cela me plaisait d\u2019observer comment ces lignes, ces volumes, se comportaient entre eux. Alwin Nikola\u00efs m\u2019a enseign\u00e9 l\u2019importance de la lumi\u00e8re et du costume, l\u2019assurance qu\u2019on pouvait tout m\u00e9langer. Techniquement c\u2019est Merce Cunningham qui m\u2019a le plus form\u00e9 \u00e0 la danse. A New-York, j\u2019ai suivi les stages de vid\u00e9o que lui-m\u00eame donnait : passionnant. J\u2019y ai appris \u00e0 ma\u00eetriser les probl\u00e8mes de distance et de g\u00e9om\u00e9trie, les r\u00e8gles \u00e9l\u00e9mentaires de l\u2019optique et du mouvement. Tex Avery m\u2019a beaucoup inspir\u00e9 dans la recherche de gestes a priori impossibles \u00e0 r\u00e9aliser&#8230; Il me reste toujours quelque chose de ce d\u00e9sir, une bizarrerie dans le mouvement, quelque chose d\u2019extr\u00eame ou de d\u00e9lirant&#8230; Je recherche une danse du d\u00e9s\u00e9quilibre, toujours \u00e0 la limite de la chute. Avec des mod\u00e8les comme les Marx Brothers par exemple, et en particulier Groucho Marx, j\u2019ai cultiv\u00e9 la prise de risque malicieuse, la r\u00e9p\u00e9tition comique de l\u2019erreur&#8230; \u00bb<\/em><\/p>\n<p><span style=\"color: #2271b1;\"><strong>Prix<\/strong><\/span><\/p>\n<p>&#8211; Premier prix du Concours Chor\u00e9graphique de Bagnolet et prix du Minist\u00e8re de la Culture en <strong>1983<\/strong><br \/>&#8211; Prix du Minist\u00e8re de la Culture pour Caramba! en <strong>1987<\/strong><br \/>&#8211; Prix International de vid\u00e9o danse du Festival IMZ de Vienne pour Codex en <strong>1988<\/strong><br \/>&#8211; MTV Award et disque d\u2019or pour le clip de New Order \u00e0 Londres en <strong>1988<\/strong><br \/>&#8211; Lion d\u2019argent \u00e0 Cannes pour la publicit\u00e9 Polaro\u00efd en <strong>1989<\/strong><br \/>&#8211; Prix Danse de la SACD en <strong>1992<\/strong><br \/>&#8211; Citoyen d\u2019honneur de Carthag\u00e8ne (Colombie) en <strong>1992<\/strong><br \/>&#8211; Meilleures musiques de spectacle aux 7 d\u2019Or pour Les C\u00e9r\u00e9monies des XVI\u00e8mes Jeux Olympiques d\u2019Hiver d\u2019Albertville et de la Savoie en <strong>1993<\/strong><br \/>&#8211; Meilleure retransmission t\u00e9l\u00e9visuelle de spectacle aux 8\u00e8mes Victoires de la Musique pour Les C\u00e9r\u00e9monies des XVI\u00e8mes Jeux Olympiques d\u2019Hiver d\u2019Albertville et de la Savoie en <strong>1993<\/strong><br \/>&#8211; Chevalier de l\u2019ordre des Arts et des Lettres en <strong>1994<\/strong><br \/>&#8211; Meilleur film chor\u00e9graphique pour \u00abLe p\u2019tit bal\u00bb au Festival IMZ Op\u00e9ra de Lyon en <strong>1994<\/strong><br \/>&#8211; Mention sp\u00e9ciale pour \u00abLe p\u2019tit bal\u00bb au Festival du Film Court de Villeurbanne en <strong>1994<\/strong><br \/>&#8211; Prix du public pour \u00abLe p\u2019tit bal\u00bb aux Rencontres Internationales du Film de Gen\u00e8ve en <strong>1995<\/strong><br \/>&#8211; Grand Prix National du Minist\u00e8re de la Culture pour la Chor\u00e9graphie en <strong>1995<\/strong><br \/>&#8211; Commandeur des Arts et des Lettres en <strong>2015<\/strong><\/p>\n<p class=\"BlueStrong\"><a href=\"https:\/\/cie-dca.com\/fr\/\" target=\"_blank\" rel=\"noopener\"><em>www.cie-dca.com<\/em><\/a><\/p>\n<p>[\/et_pb_text][\/et_pb_column][\/et_pb_row][et_pb_row column_structure=\u00a0\u00bb3_5,2_5&Prime; _builder_version=\u00a0\u00bb4.21.0&Prime; _module_preset=\u00a0\u00bbdefault\u00a0\u00bb global_colors_info=\u00a0\u00bb{}\u00a0\u00bb][et_pb_column type=\u00a0\u00bb3_5&Prime; _builder_version=\u00a0\u00bb4.21.0&Prime; _module_preset=\u00a0\u00bbdefault\u00a0\u00bb global_colors_info=\u00a0\u00bb{}\u00a0\u00bb][\/et_pb_column][et_pb_column type=\u00a0\u00bb2_5&Prime; _builder_version=\u00a0\u00bb4.21.0&Prime; _module_preset=\u00a0\u00bbdefault\u00a0\u00bb global_colors_info=\u00a0\u00bb{}\u00a0\u00bb][et_pb_text _builder_version=\u00a0\u00bb4.21.0&Prime; _module_preset=\u00a0\u00bbdefault\u00a0\u00bb text_orientation=\u00a0\u00bbcenter\u00a0\u00bb custom_padding=\u00a0\u00bb10px||10px||true|false\u00a0\u00bb border_width_all=\u00a0\u00bb1px\u00a0\u00bb border_color_all=\u00a0\u00bb#d8d8d8&Prime; global_colors_info=\u00a0\u00bb{}\u00a0\u00bb]<\/p>\n<p>[lmt-post-modified-info]<\/p>\n<p>[\/et_pb_text][\/et_pb_column][\/et_pb_row][\/et_pb_section]<\/p>\n","protected":false},"excerpt":{"rendered":"<p>Philippe Decoufl\u00e9 Danseur, chor\u00e9graphe. N\u00e9 \u00e0 Paris, le 22 octobre 1961 Apr\u00e8s s\u2019\u00eatre form\u00e9 au cirque, au mime et \u00e0 la danse contemporaine, Philippe Decoufl\u00e9 fonde en 1983 la Compagnie DCA. Avec des influences aussi vari\u00e9es qu&rsquo;Oskar Schlemmer et son\u00a0Ballet Triadique, Tex Avery, Alwin Nikola\u00efs ou Groucho Marx, il trouve une signature hybride, entre mouvement, [&hellip;]<\/p>\n","protected":false},"author":1,"featured_media":0,"parent":0,"menu_order":0,"comment_status":"closed","ping_status":"closed","template":"","meta":{"_et_pb_use_builder":"on","_et_pb_old_content":"","_et_gb_content_width":"","footnotes":""},"class_list":["post-7827","page","type-page","status-publish","hentry"],"_links":{"self":[{"href":"https:\/\/wptestkevin.ovh\/.Dev\/wp-json\/wp\/v2\/pages\/7827","targetHints":{"allow":["GET"]}}],"collection":[{"href":"https:\/\/wptestkevin.ovh\/.Dev\/wp-json\/wp\/v2\/pages"}],"about":[{"href":"https:\/\/wptestkevin.ovh\/.Dev\/wp-json\/wp\/v2\/types\/page"}],"author":[{"embeddable":true,"href":"https:\/\/wptestkevin.ovh\/.Dev\/wp-json\/wp\/v2\/users\/1"}],"replies":[{"embeddable":true,"href":"https:\/\/wptestkevin.ovh\/.Dev\/wp-json\/wp\/v2\/comments?post=7827"}],"version-history":[{"count":4,"href":"https:\/\/wptestkevin.ovh\/.Dev\/wp-json\/wp\/v2\/pages\/7827\/revisions"}],"predecessor-version":[{"id":7834,"href":"https:\/\/wptestkevin.ovh\/.Dev\/wp-json\/wp\/v2\/pages\/7827\/revisions\/7834"}],"wp:attachment":[{"href":"https:\/\/wptestkevin.ovh\/.Dev\/wp-json\/wp\/v2\/media?parent=7827"}],"curies":[{"name":"wp","href":"https:\/\/api.w.org\/{rel}","templated":true}]}}