{"id":7817,"date":"2025-03-25T10:54:17","date_gmt":"2025-03-25T09:54:17","guid":{"rendered":"https:\/\/wptestkevin.ovh\/.Dev\/?page_id=7817"},"modified":"2025-03-25T10:56:05","modified_gmt":"2025-03-25T09:56:05","slug":"denis-declerck","status":"publish","type":"page","link":"https:\/\/wptestkevin.ovh\/.Dev\/denis-declerck\/","title":{"rendered":"Denis DECLERCK"},"content":{"rendered":"<p>[et_pb_section fb_built=\u00a0\u00bb1&Prime; admin_label=\u00a0\u00bbSection\u00a0\u00bb module_id=\u00a0\u00bbadelus\u00a0\u00bb _builder_version=\u00a0\u00bb4.27.4&Prime; _module_preset=\u00a0\u00bbdefault\u00a0\u00bb background_color=\u00a0\u00bb#f1f3f4&Prime; custom_margin=\u00a0\u00bb0px||0px||true|false\u00a0\u00bb custom_padding=\u00a0\u00bb0px||0px||true|false\u00a0\u00bb animation_style=\u00a0\u00bbfade\u00a0\u00bb da_popup_slug=\u00a0\u00bbadelus\u00a0\u00bb da_disable_devices=\u00a0\u00bboff|off|off\u00a0\u00bb global_colors_info=\u00a0\u00bb{}\u00a0\u00bb da_is_popup=\u00a0\u00bboff\u00a0\u00bb da_exit_intent=\u00a0\u00bboff\u00a0\u00bb da_has_close=\u00a0\u00bbon\u00a0\u00bb da_alt_close=\u00a0\u00bboff\u00a0\u00bb da_dark_close=\u00a0\u00bboff\u00a0\u00bb da_not_modal=\u00a0\u00bbon\u00a0\u00bb da_is_singular=\u00a0\u00bboff\u00a0\u00bb da_with_loader=\u00a0\u00bboff\u00a0\u00bb da_has_shadow=\u00a0\u00bbon\u00a0\u00bb][et_pb_row custom_padding_last_edited=\u00a0\u00bbon|phone\u00a0\u00bb _builder_version=\u00a0\u00bb4.27.4&Prime; _module_preset=\u00a0\u00bbdefault\u00a0\u00bb background_color=\u00a0\u00bb#FFFFFF\u00a0\u00bb width_tablet=\u00a0\u00bb\u00a0\u00bb width_phone=\u00a0\u00bb95%\u00a0\u00bb width_last_edited=\u00a0\u00bbon|phone\u00a0\u00bb custom_padding=\u00a0\u00bb|33px||33px|false|true\u00a0\u00bb custom_padding_tablet=\u00a0\u00bb\u00a0\u00bb custom_padding_phone=\u00a0\u00bb|10px||10px|false|true\u00a0\u00bb global_colors_info=\u00a0\u00bb{}\u00a0\u00bb][et_pb_column type=\u00a0\u00bb4_4&Prime; _builder_version=\u00a0\u00bb4.21.0&Prime; _module_preset=\u00a0\u00bbdefault\u00a0\u00bb global_colors_info=\u00a0\u00bb{}\u00a0\u00bb][et_pb_text _builder_version=\u00a0\u00bb4.21.0&Prime; _module_preset=\u00a0\u00bbdefault\u00a0\u00bb custom_margin=\u00a0\u00bb||10px||false|false\u00a0\u00bb global_colors_info=\u00a0\u00bb{}\u00a0\u00bb]<\/p>\n<h1 class=\"uk-article-title\">Denis Declerck<\/h1>\n<p>[\/et_pb_text][et_pb_text _builder_version=\u00a0\u00bb4.25.2&Prime; _module_preset=\u00a0\u00bbdefault\u00a0\u00bb text_orientation=\u00a0\u00bbjustified\u00a0\u00bb global_colors_info=\u00a0\u00bb{}\u00a0\u00bb]<\/p>\n<p><img loading=\"lazy\" decoding=\"async\" src=\"http:\/\/wptestkevin.ovh\/.Dev\/wp-content\/uploads\/2024\/06\/d.declerck.jpg\" alt=\"denis.declerck\" width=\"200\" height=\"199\" \/><\/p>\n<p><span style=\"font-size: 15px;\"><span style=\"color: #2271b1;\"><strong>Denis Declerck<\/strong><\/span> est un haut fonctionnaire du <\/span><em style=\"font-size: 15px;\">Minist\u00e8re de la Culture<\/em><span style=\"font-size: 15px;\">. Les diff\u00e9rents postes qu\u2019il a occup\u00e9 au cours des 25 derni\u00e8res ann\u00e9es lui ont permis d\u2019acqu\u00e9rir une expertise de haut niveau en mati\u00e8re de politiques culturelles territoriales et de fonctionnement des institutions, notamment dans le domaine du spectacle vivant.<\/span><\/p>\n<div class=\"article-content\">\n<p>En tant que conseiller th\u00e9\u00e2tre et action culturelle en <em>DRAC Nord Pas de Calais<\/em> (1999-2004), il a suivi la pr\u00e9paration et la mise en oeuvre de <em>Lille 2004, capitale europ\u00e9enne de la culture<\/em>, exp\u00e9rience qu\u2019il a pu renouveler avec<em> Marseille 2013<\/em> en tant que Directeur r\u00e9gional adjoint \u00e0 la <em>DRAC PACA<\/em> (2012 &#8211; 2014). <em>Inspecteur th\u00e9\u00e2tre<\/em> de 2004 \u00e0 2009 au sein de la <em>DMDTS<\/em> puis de la <em>DGCA<\/em>, il a r\u00e9alis\u00e9 plusieurs missions d\u2019\u00e9valuation avant d\u2019\u00eatre l\u2019organisateur et le rapporteur g\u00e9n\u00e9ral des\u00a0<em>\u00ab\u00a0Entretiens de Valois\u00a0\u00bb<\/em>\u00a0(2008).<\/p>\n<p><em>Directeur de la culture<\/em> \u00e0 l\u2019agglom\u00e9ration d\u2019<em>Evry Centre Essonne<\/em> (2009 &#8211; 2012), puis <em>Sous-pr\u00e9fet<\/em> dans les d\u00e9partements du <em>Val de Marne<\/em> et de la <em>Seine et Marne<\/em> entre 2014 et 2018, il connait parfaitement le fonctionnement de l\u2019Etat territorial et celui des Collectivit\u00e9s Locales et de leurs <em>EPCI<\/em>. Apr\u00e8s un bref passage en <em>Cabinet minist\u00e9riel (F. Nyssen 2018)<\/em>, <span style=\"color: #2271b1;\"><strong>Denis Declerck<\/strong><\/span> a \u00e9t\u00e9 <em>Sous-directeur pilotage et strat\u00e9gie RH<\/em> au sein du <em>Service des Ressources Humaines du Minist\u00e8re de la Culture<\/em> (2019 &#8211; 2021).<\/p>\n<p>Depuis novembre 2021 il occupe le poste de sous-directeur aux enseignements sp\u00e9cialis\u00e9 et sup\u00e9rieur et \u00e0 la recherche au sein de ce m\u00eame minist\u00e8re.<\/p>\n<\/div>\n<p>[\/et_pb_text][\/et_pb_column][\/et_pb_row][et_pb_row column_structure=\u00a0\u00bb3_5,2_5&Prime; _builder_version=\u00a0\u00bb4.21.0&Prime; _module_preset=\u00a0\u00bbdefault\u00a0\u00bb global_colors_info=\u00a0\u00bb{}\u00a0\u00bb][et_pb_column type=\u00a0\u00bb3_5&Prime; _builder_version=\u00a0\u00bb4.21.0&Prime; _module_preset=\u00a0\u00bbdefault\u00a0\u00bb global_colors_info=\u00a0\u00bb{}\u00a0\u00bb][\/et_pb_column][et_pb_column type=\u00a0\u00bb2_5&Prime; _builder_version=\u00a0\u00bb4.21.0&Prime; _module_preset=\u00a0\u00bbdefault\u00a0\u00bb global_colors_info=\u00a0\u00bb{}\u00a0\u00bb][et_pb_text _builder_version=\u00a0\u00bb4.21.0&Prime; _module_preset=\u00a0\u00bbdefault\u00a0\u00bb text_orientation=\u00a0\u00bbcenter\u00a0\u00bb custom_padding=\u00a0\u00bb10px||10px||true|false\u00a0\u00bb border_width_all=\u00a0\u00bb1px\u00a0\u00bb border_color_all=\u00a0\u00bb#d8d8d8&Prime; global_colors_info=\u00a0\u00bb{}\u00a0\u00bb]<\/p>\n<p>[lmt-post-modified-info]<\/p>\n<p>[\/et_pb_text][\/et_pb_column][\/et_pb_row][\/et_pb_section]<\/p>\n","protected":false},"excerpt":{"rendered":"<p>Denis Declerck Denis Declerck est un haut fonctionnaire du Minist\u00e8re de la Culture. Les diff\u00e9rents postes qu\u2019il a occup\u00e9 au cours des 25 derni\u00e8res ann\u00e9es lui ont permis d\u2019acqu\u00e9rir une expertise de haut niveau en mati\u00e8re de politiques culturelles territoriales et de fonctionnement des institutions, notamment dans le domaine du spectacle vivant. En tant que [&hellip;]<\/p>\n","protected":false},"author":1,"featured_media":0,"parent":0,"menu_order":0,"comment_status":"closed","ping_status":"closed","template":"","meta":{"_et_pb_use_builder":"on","_et_pb_old_content":"","_et_gb_content_width":"","footnotes":""},"class_list":["post-7817","page","type-page","status-publish","hentry"],"_links":{"self":[{"href":"https:\/\/wptestkevin.ovh\/.Dev\/wp-json\/wp\/v2\/pages\/7817","targetHints":{"allow":["GET"]}}],"collection":[{"href":"https:\/\/wptestkevin.ovh\/.Dev\/wp-json\/wp\/v2\/pages"}],"about":[{"href":"https:\/\/wptestkevin.ovh\/.Dev\/wp-json\/wp\/v2\/types\/page"}],"author":[{"embeddable":true,"href":"https:\/\/wptestkevin.ovh\/.Dev\/wp-json\/wp\/v2\/users\/1"}],"replies":[{"embeddable":true,"href":"https:\/\/wptestkevin.ovh\/.Dev\/wp-json\/wp\/v2\/comments?post=7817"}],"version-history":[{"count":4,"href":"https:\/\/wptestkevin.ovh\/.Dev\/wp-json\/wp\/v2\/pages\/7817\/revisions"}],"predecessor-version":[{"id":7823,"href":"https:\/\/wptestkevin.ovh\/.Dev\/wp-json\/wp\/v2\/pages\/7817\/revisions\/7823"}],"wp:attachment":[{"href":"https:\/\/wptestkevin.ovh\/.Dev\/wp-json\/wp\/v2\/media?parent=7817"}],"curies":[{"name":"wp","href":"https:\/\/api.w.org\/{rel}","templated":true}]}}