{"id":7791,"date":"2025-03-25T10:05:30","date_gmt":"2025-03-25T09:05:30","guid":{"rendered":"https:\/\/wptestkevin.ovh\/.Dev\/?page_id=7791"},"modified":"2025-03-25T10:09:22","modified_gmt":"2025-03-25T09:09:22","slug":"monique-cognard","status":"publish","type":"page","link":"https:\/\/wptestkevin.ovh\/.Dev\/monique-cognard\/","title":{"rendered":"Monique COGNARD"},"content":{"rendered":"<p>[et_pb_section fb_built=\u00a0\u00bb1&Prime; admin_label=\u00a0\u00bbSection\u00a0\u00bb module_id=\u00a0\u00bbadelus\u00a0\u00bb _builder_version=\u00a0\u00bb4.27.4&Prime; _module_preset=\u00a0\u00bbdefault\u00a0\u00bb background_color=\u00a0\u00bb#f1f3f4&Prime; custom_margin=\u00a0\u00bb0px||0px||true|false\u00a0\u00bb custom_padding=\u00a0\u00bb0px||0px||true|false\u00a0\u00bb animation_style=\u00a0\u00bbfade\u00a0\u00bb da_popup_slug=\u00a0\u00bbadelus\u00a0\u00bb da_disable_devices=\u00a0\u00bboff|off|off\u00a0\u00bb global_colors_info=\u00a0\u00bb{}\u00a0\u00bb da_is_popup=\u00a0\u00bboff\u00a0\u00bb da_exit_intent=\u00a0\u00bboff\u00a0\u00bb da_has_close=\u00a0\u00bbon\u00a0\u00bb da_alt_close=\u00a0\u00bboff\u00a0\u00bb da_dark_close=\u00a0\u00bboff\u00a0\u00bb da_not_modal=\u00a0\u00bbon\u00a0\u00bb da_is_singular=\u00a0\u00bboff\u00a0\u00bb da_with_loader=\u00a0\u00bboff\u00a0\u00bb da_has_shadow=\u00a0\u00bbon\u00a0\u00bb][et_pb_row custom_padding_last_edited=\u00a0\u00bbon|phone\u00a0\u00bb _builder_version=\u00a0\u00bb4.27.4&Prime; _module_preset=\u00a0\u00bbdefault\u00a0\u00bb background_color=\u00a0\u00bb#FFFFFF\u00a0\u00bb width_tablet=\u00a0\u00bb\u00a0\u00bb width_phone=\u00a0\u00bb95%\u00a0\u00bb width_last_edited=\u00a0\u00bbon|phone\u00a0\u00bb custom_padding=\u00a0\u00bb|33px||33px|false|true\u00a0\u00bb custom_padding_tablet=\u00a0\u00bb\u00a0\u00bb custom_padding_phone=\u00a0\u00bb|10px||10px|false|true\u00a0\u00bb global_colors_info=\u00a0\u00bb{}\u00a0\u00bb][et_pb_column type=\u00a0\u00bb4_4&Prime; _builder_version=\u00a0\u00bb4.21.0&Prime; _module_preset=\u00a0\u00bbdefault\u00a0\u00bb global_colors_info=\u00a0\u00bb{}\u00a0\u00bb][et_pb_text _builder_version=\u00a0\u00bb4.21.0&Prime; _module_preset=\u00a0\u00bbdefault\u00a0\u00bb custom_margin=\u00a0\u00bb||10px||false|false\u00a0\u00bb global_colors_info=\u00a0\u00bb{}\u00a0\u00bb]<\/p>\n<h1 class=\"uk-article-title\">Monique Cognard<\/h1>\n<p>[\/et_pb_text][et_pb_text _builder_version=\u00a0\u00bb4.25.2&Prime; _module_preset=\u00a0\u00bbdefault\u00a0\u00bb text_orientation=\u00a0\u00bbjustified\u00a0\u00bb global_colors_info=\u00a0\u00bb{}\u00a0\u00bb]<\/p>\n<p><img loading=\"lazy\" decoding=\"async\" src=\"http:\/\/wptestkevin.ovh\/.Dev\/wp-content\/uploads\/2024\/06\/m-cognard.jpg\" alt=\"m cognard\" width=\"230\" height=\"212\" \/><\/p>\n<p style=\"text-align: justify;\">Dipl\u00f4m\u00e9e de l\u2019Universit\u00e9 Paris VII pour une ma\u00eetrise de Conception et Mise en \u0153uvre de projets culturels, <span style=\"color: #2271b1;\"><strong>Monique Cognard<\/strong><\/span> est \u00e9galement titulaire d\u2019un DEUG STAPS en danse contemporaine et d\u2019un DUT de Communication d\u2019entreprise (Nancy II).<\/p>\n<p style=\"text-align: justify;\"><span style=\"color: #2271b1;\"><strong>Monique Cognard<\/strong><\/span> a commenc\u00e9 son parcours universitaire atypique par un projet personnel autour de la danse avant de l\u2019orienter vers la communication.<\/p>\n<p style=\"text-align: justify;\"><span style=\"color: #2271b1;\"><strong>Monique Cognard<\/strong><\/span> reprend ses \u00e9tudes 5 ans apr\u00e8s avoir commencer sa vie professionnelle comme charg\u00e9e de production. Sa volont\u00e9 \u00e9tait alors de th\u00e9oriser les acquis de son exp\u00e9rience et de gagner des savoirs compl\u00e9mentaires.<\/p>\n<p style=\"text-align: justify;\">Par la suite, <span style=\"color: #2271b1;\"><strong>Monique Cognard<\/strong><\/span>\u00a0collabore, comme charg\u00e9e de production, \u00e0 plus de 20 projets de cr\u00e9ation ou diffusion pour une dizaine de compagnies accompagn\u00e9es en r\u00e9gion parisienne : <em>La Mauvaise Herbe , Foxcompagnie, Nuits Blanches, Cie du P\u2019tit Matin, Porte Lune, Flex, Terra Incognita, Nad\u00e8ge MacLeay, Puce Muse<\/em>&#8230;<\/p>\n<p style=\"text-align: justify;\">En 2000, <span style=\"color: #2271b1;\"><strong>Monique Cognard<\/strong><\/span>\u00a0cr\u00e9\u00e9 le Bureau d\u2019aide administrative aux compagnies <em>\u00ab Les Roches administration \u00bb<\/em>install\u00e9 dans la <em>Maison du Th\u00e9\u00e2tre Les Roches<\/em> \u00e0 Montreuil-sous-Bois (93). Elle continue \u00e0 accompagner des projets artistiques en production\/diffusion et en administration g\u00e9n\u00e9rale. <span style=\"color: #2271b1;\"><strong>Monique Cognard<\/strong><\/span>\u00a0commence aussi \u00e0 animer des sessions de formation \u00e0 l\u2019AGECIF.<\/p>\n<p style=\"text-align: justify;\">Ensuite, \u00e0 partir de 2003, <span style=\"color: #2271b1;\"><strong>Monique Cognard<\/strong><\/span>\u00a0devient administratrice de lieux. Dans un premier, elle rejoint l\u2019\u00e9quipe de <em>La Virgule<\/em> \u00e0 Tourcoing (59). Un projet dirig\u00e9 par Jean-Marc Chotteau, metteur en sc\u00e8ne, et financ\u00e9 par le fonds europ\u00e9en Interreg dans le cadre d\u2019une collaboration transfrontali\u00e8re avec le <em>Centre culturel de Mouscron<\/em>(Wallonie Belgique).<\/p>\n<p style=\"text-align: justify;\">Trois ans plus tard, <span style=\"color: #2271b1;\"><strong>Monique Cognard<\/strong><\/span>\u00a0int\u00e8gre l\u2019\u00e9quipe de la Com\u00e9die de B\u00e9thune (62), Centre Dramatique National, en qualit\u00e9 d\u2019administratrice. La Com\u00e9die de B\u00e9thune est, \u00e0 l\u2019\u00e9poque, dirig\u00e9e par Thierry Roisin, metteur en sc\u00e8ne. Cette exp\u00e9rience de 6 ann\u00e9es lui permet de travailler pour un label national. Le souhait premier de travailler dans un th\u00e9\u00e2tre est largement rempli ! Apr\u00e8s les Hauts de France, elle change de paysages pour la Champagne. Elle administre le projet de la sc\u00e8ne conventionn\u00e9e <em>Le Salmanazar<\/em> au sein d\u2019un magnifique th\u00e9\u00e2tre \u00e0 l\u2019italienne. Apr\u00e8s 6 ans de collaboration, <span style=\"color: #2271b1;\"><strong>Monique Cognard<\/strong><\/span>\u00a0rejoint la sc\u00e8ne nationale de Reims comme administratrice.<\/p>\n<p style=\"text-align: justify;\">Depuis 2021,\u00a0<span style=\"color: #2271b1;\"><strong>Monique Cognard<\/strong><\/span> anime des formations plus r\u00e9guli\u00e8rement \u00e0 l\u2019AGECIF, elle partage sa vie professionnelle entre l&rsquo;animation de formations et la r\u00e9alisation de missions en administration du spectacle vivant<em>. L&rsquo;Echangeur\u00a0&#8211; CDCN\u00a0Hauts de France, le NEST &#8211;\u00a0<\/em><em>CDN transfrontalier de\u00a0<\/em><em>Thionville<\/em><em>\u00a0Grand Est, La Madeleine &#8211; sc\u00e8ne conventionn\u00e9e de Troyes, La Biscuiterie &#8211; salle de musique actuelle de Ch\u00e2teau-Thierry <\/em>lui ont fait confiance pour des missions en administration depuis 2021.<\/p>\n<p>[\/et_pb_text][\/et_pb_column][\/et_pb_row][et_pb_row column_structure=\u00a0\u00bb3_5,2_5&Prime; _builder_version=\u00a0\u00bb4.21.0&Prime; _module_preset=\u00a0\u00bbdefault\u00a0\u00bb global_colors_info=\u00a0\u00bb{}\u00a0\u00bb][et_pb_column type=\u00a0\u00bb3_5&Prime; _builder_version=\u00a0\u00bb4.21.0&Prime; _module_preset=\u00a0\u00bbdefault\u00a0\u00bb global_colors_info=\u00a0\u00bb{}\u00a0\u00bb][\/et_pb_column][et_pb_column type=\u00a0\u00bb2_5&Prime; _builder_version=\u00a0\u00bb4.21.0&Prime; _module_preset=\u00a0\u00bbdefault\u00a0\u00bb global_colors_info=\u00a0\u00bb{}\u00a0\u00bb][et_pb_text _builder_version=\u00a0\u00bb4.21.0&Prime; _module_preset=\u00a0\u00bbdefault\u00a0\u00bb text_orientation=\u00a0\u00bbcenter\u00a0\u00bb custom_padding=\u00a0\u00bb10px||10px||true|false\u00a0\u00bb border_width_all=\u00a0\u00bb1px\u00a0\u00bb border_color_all=\u00a0\u00bb#d8d8d8&Prime; global_colors_info=\u00a0\u00bb{}\u00a0\u00bb]<\/p>\n<p>[lmt-post-modified-info]<\/p>\n<p>[\/et_pb_text][\/et_pb_column][\/et_pb_row][\/et_pb_section]<\/p>\n","protected":false},"excerpt":{"rendered":"<p>Monique Cognard Dipl\u00f4m\u00e9e de l\u2019Universit\u00e9 Paris VII pour une ma\u00eetrise de Conception et Mise en \u0153uvre de projets culturels, Monique Cognard est \u00e9galement titulaire d\u2019un DEUG STAPS en danse contemporaine et d\u2019un DUT de Communication d\u2019entreprise (Nancy II). Monique Cognard a commenc\u00e9 son parcours universitaire atypique par un projet personnel autour de la danse avant [&hellip;]<\/p>\n","protected":false},"author":1,"featured_media":0,"parent":0,"menu_order":0,"comment_status":"closed","ping_status":"closed","template":"","meta":{"_et_pb_use_builder":"on","_et_pb_old_content":"","_et_gb_content_width":"","footnotes":""},"class_list":["post-7791","page","type-page","status-publish","hentry"],"_links":{"self":[{"href":"https:\/\/wptestkevin.ovh\/.Dev\/wp-json\/wp\/v2\/pages\/7791","targetHints":{"allow":["GET"]}}],"collection":[{"href":"https:\/\/wptestkevin.ovh\/.Dev\/wp-json\/wp\/v2\/pages"}],"about":[{"href":"https:\/\/wptestkevin.ovh\/.Dev\/wp-json\/wp\/v2\/types\/page"}],"author":[{"embeddable":true,"href":"https:\/\/wptestkevin.ovh\/.Dev\/wp-json\/wp\/v2\/users\/1"}],"replies":[{"embeddable":true,"href":"https:\/\/wptestkevin.ovh\/.Dev\/wp-json\/wp\/v2\/comments?post=7791"}],"version-history":[{"count":4,"href":"https:\/\/wptestkevin.ovh\/.Dev\/wp-json\/wp\/v2\/pages\/7791\/revisions"}],"predecessor-version":[{"id":7798,"href":"https:\/\/wptestkevin.ovh\/.Dev\/wp-json\/wp\/v2\/pages\/7791\/revisions\/7798"}],"wp:attachment":[{"href":"https:\/\/wptestkevin.ovh\/.Dev\/wp-json\/wp\/v2\/media?parent=7791"}],"curies":[{"name":"wp","href":"https:\/\/api.w.org\/{rel}","templated":true}]}}