{"id":7537,"date":"2025-03-19T16:41:11","date_gmt":"2025-03-19T15:41:11","guid":{"rendered":"https:\/\/wptestkevin.ovh\/.Dev\/?page_id=7537"},"modified":"2025-03-25T09:20:05","modified_gmt":"2025-03-25T08:20:05","slug":"fabienne-bernard","status":"publish","type":"page","link":"https:\/\/wptestkevin.ovh\/.Dev\/fabienne-bernard\/","title":{"rendered":"Fabienne BERNARD"},"content":{"rendered":"<p>[et_pb_section fb_built=\u00a0\u00bb1&Prime; admin_label=\u00a0\u00bbSection\u00a0\u00bb module_id=\u00a0\u00bbbernard\u00a0\u00bb _builder_version=\u00a0\u00bb4.27.4&Prime; _module_preset=\u00a0\u00bbdefault\u00a0\u00bb background_color=\u00a0\u00bb#f1f3f4&Prime; custom_margin=\u00a0\u00bb0px||0px||true|false\u00a0\u00bb custom_padding=\u00a0\u00bb0px||0px||true|false\u00a0\u00bb hover_enabled=\u00a0\u00bb0&Prime; da_popup_slug=\u00a0\u00bbbernard\u00a0\u00bb da_disable_devices=\u00a0\u00bboff|off|off\u00a0\u00bb global_colors_info=\u00a0\u00bb{}\u00a0\u00bb animation_style=\u00a0\u00bbfade\u00a0\u00bb sticky_enabled=\u00a0\u00bb0&Prime; da_is_popup=\u00a0\u00bboff\u00a0\u00bb da_exit_intent=\u00a0\u00bboff\u00a0\u00bb da_has_close=\u00a0\u00bbon\u00a0\u00bb da_alt_close=\u00a0\u00bboff\u00a0\u00bb da_dark_close=\u00a0\u00bboff\u00a0\u00bb da_not_modal=\u00a0\u00bbon\u00a0\u00bb da_is_singular=\u00a0\u00bboff\u00a0\u00bb da_with_loader=\u00a0\u00bboff\u00a0\u00bb da_has_shadow=\u00a0\u00bbon\u00a0\u00bb][et_pb_row custom_padding_last_edited=\u00a0\u00bbon|desktop\u00a0\u00bb _builder_version=\u00a0\u00bb4.27.4&Prime; _module_preset=\u00a0\u00bbdefault\u00a0\u00bb background_color=\u00a0\u00bb#FFFFFF\u00a0\u00bb width_tablet=\u00a0\u00bb\u00a0\u00bb width_phone=\u00a0\u00bb95%\u00a0\u00bb width_last_edited=\u00a0\u00bbon|phone\u00a0\u00bb custom_padding=\u00a0\u00bb|33px||33px|false|true\u00a0\u00bb custom_padding_tablet=\u00a0\u00bb\u00a0\u00bb custom_padding_phone=\u00a0\u00bb|10px||10px|false|true\u00a0\u00bb global_colors_info=\u00a0\u00bb{}\u00a0\u00bb][et_pb_column type=\u00a0\u00bb4_4&Prime; _builder_version=\u00a0\u00bb4.21.0&Prime; _module_preset=\u00a0\u00bbdefault\u00a0\u00bb global_colors_info=\u00a0\u00bb{}\u00a0\u00bb][et_pb_text _builder_version=\u00a0\u00bb4.25.0&Prime; _module_preset=\u00a0\u00bbdefault\u00a0\u00bb custom_margin=\u00a0\u00bb||10px||false|false\u00a0\u00bb global_colors_info=\u00a0\u00bb{}\u00a0\u00bb]<\/p>\n<h1 class=\"uk-article-title\">Fabienne Bernard<\/h1>\n<p>[\/et_pb_text][et_pb_text _builder_version=\u00a0\u00bb4.25.2&Prime; _module_preset=\u00a0\u00bbdefault\u00a0\u00bb global_colors_info=\u00a0\u00bb{}\u00a0\u00bb]<\/p>\n<div class=\"article-content\"><\/div>\n<p><img loading=\"lazy\" decoding=\"async\" src=\"http:\/\/wptestkevin.ovh\/.Dev\/wp-content\/uploads\/2024\/06\/f.bernard.jpg\" alt=\"fabienne-bernard\" width=\"200\" height=\"231\" \/><\/p>\n<p style=\"text-align: justify;\">Apr\u00e8s un dipl\u00f4me de psychologie obtenu en 1989 \u00e0 <em>Descartes &#8211; Paris V<\/em>, <span style=\"color: #2271b1;\"><strong>Fabienne BERNARD<\/strong><\/span> d\u00e9bute sa vie professionnelle aupr\u00e8s d&rsquo;entreprises publiques et priv\u00e9s pour des missions de recrutements sur les profils de personnalit\u00e9 de cadres et cadres dirigeants. Elle intervient conjointement aupr\u00e8s de centres de formations en communication interpersonnelle et management. En 1994, apr\u00e8s un <em>DESS de conseil en psychologie<\/em>, se passionne pour la dynamique des groupes, l&rsquo;analyse des pratiques et la psychologie syst\u00e9mique.<\/p>\n<p style=\"text-align: justify;\">Apr\u00e8s de longues ann\u00e9es d&rsquo;exp\u00e9riences dans tous types d&rsquo;organisation publiques ou priv\u00e9es, <span style=\"color: #2271b1;\"><strong>Fabienne BERNARD<\/strong><\/span> s&rsquo;est sp\u00e9cialis\u00e9e sur les comportements manag\u00e9riaux, la conduite du changement, le management transversal. Coach depuis 2000, elle forme \u00e9galement les cadres et cadres dirigeants aux techniques de coaching.<\/p>\n<p style=\"text-align: justify;\">Ce travail de veille comportemental a conduit <span style=\"color: #2271b1;\"><strong>Fabienne BERNARD<\/strong><\/span> \u00e0 s\u2019int\u00e9resser \u00e0 la Qualit\u00e9 de Vie au Travail dans les organisations et structures, de plus en plus confront\u00e9es \u00e0 la digitalisation massive. <span style=\"color: #2271b1;\"><strong>Fabienne BERNARD<\/strong><\/span>, face \u00e0 ce constat, s\u2019est form\u00e9e aux <em>Risques Psychosociaux<\/em>. Ses missions dans ce cadre sont d\u2019accompagner les structures \u00e0 mettre en place une pr\u00e9vention globale des risques psychosociaux et d\u2019y associer efficacement l\u2019ensemble des encadrants, <em>\u00ab pr\u00e9venteur des RPS sur le terrain \u00bb<\/em>.<\/p>\n<p style=\"text-align: justify;\"><span style=\"color: #2271b1;\"><strong>Fabienne BERNARD<\/strong><\/span> met \u00e9galement ses connaissances th\u00e9oriques et comp\u00e9tences terrain<br \/>au service d\u2019<em>Ecoles d\u2019ing\u00e9nieurs<\/em>, <em>Ecole sup\u00e9rieure de Commerce<\/em> et <em>Centres de formation continue<\/em>.<\/p>\n<p style=\"text-align: justify;\">C\u2019est \u00e0 ce titre qu\u2019elle intervient \u00e0 l\u2019AGECIF depuis 2006, et anime des formations<br \/>aupr\u00e8s de tous les publics et dans diverses organisations culturelles sur les th\u00e8mes suivants :<\/p>\n<p style=\"text-align: justify;\">&#8211; Le management non hi\u00e9rarchique<br \/>&#8211; Manager des b\u00e9n\u00e9voles<br \/>&#8211; Piloter une \u00e9quipe op\u00e9rationnelle<br \/>&#8211; G\u00e9rer les situations conflictuelles<br \/>&#8211; D\u00e9velopper des relations professionnelles efficaces<br \/>&#8211; G\u00e9rer son stress<br \/>&#8211; R\u00e9diger et pr\u00e9senter le pitch de son projet<br \/>&#8211; Prendre des responsabilit\u00e9s<br \/>&#8211; Organiser son travail et g\u00e9rer son temps<br \/>&#8211; La n\u00e9gociation au quotidien<\/p>\n<p style=\"text-align: justify;\">Sa collaboration au sein de l\u2019AGECIF l\u2019a amen\u00e9e \u00e0 travailler avec de nombreuses institutions culturelles telles que le patrimoine culturel, l\u2019art visuel, l\u2019art musical, le spectacle vivant, l\u2019audiovisuel etc\u2026 <span style=\"color: #2271b1;\"><strong>Fabienne BERNARD<\/strong><\/span>\u00a0a d\u00e9couvert leurs sp\u00e9cificit\u00e9s et pris conscience des enjeux pluriels entre l\u2019art, la culture et la cr\u00e9ativit\u00e9 et leurs influences sur les modes de management de ces structures.<\/p>\n<p style=\"text-align: justify;\"><span style=\"color: #2271b1;\"><strong>Quelques r\u00e9f\u00e9rences :<\/strong> <\/span><\/p>\n<p style=\"text-align: justify;\">&#8211; L\u2019Op\u00e9ra de Rouen<br \/>&#8211; Le Th\u00e9\u00e2tre de la Commune \u2013 CDN D\u2019Aubervilliers sur les actions de formation suivantes :<br \/>&#8211; Le Th\u00e9\u00e2tre l\u2019Apostrophe &#8211; Les Louvrais &#8211;\u00a0<em>Cergy Pontoise<\/em><br \/>&#8211; Le Th\u00e9\u00e2tre des Champs-Elys\u00e9es &#8211;\u00a0<em>Paris<\/em><br \/>&#8211; Le Th\u00e9\u00e2tre de la Ville &#8211;\u00a0<em>Paris<\/em><br \/>&#8211; La Com\u00e9die de l\u2019Est &#8211;\u00a0<em>Colmar<\/em><br \/>&#8211; La Sc\u00e8ne nationale d\u2019Albi<br \/>&#8211; Le Th\u00e9\u00e2tre les Amandiers &#8211; <em>Nanterre<\/em><\/p>\n<p style=\"text-align: justify;\">Sa marque de fabrique : un partenariat assidu avec ses clients qui fid\u00e9lise une coop\u00e9ration et un travail de veille comportemental continu sur des th\u00e9matiques qui s&rsquo;ajustent aux besoins des organisations\u2026<\/p>\n<p>&nbsp;<\/p>\n<p>[\/et_pb_text][\/et_pb_column][\/et_pb_row][et_pb_row column_structure=\u00a0\u00bb3_5,2_5&Prime; _builder_version=\u00a0\u00bb4.21.0&Prime; _module_preset=\u00a0\u00bbdefault\u00a0\u00bb global_colors_info=\u00a0\u00bb{}\u00a0\u00bb][et_pb_column type=\u00a0\u00bb3_5&Prime; _builder_version=\u00a0\u00bb4.21.0&Prime; _module_preset=\u00a0\u00bbdefault\u00a0\u00bb global_colors_info=\u00a0\u00bb{}\u00a0\u00bb][\/et_pb_column][et_pb_column type=\u00a0\u00bb2_5&Prime; _builder_version=\u00a0\u00bb4.21.0&Prime; _module_preset=\u00a0\u00bbdefault\u00a0\u00bb global_colors_info=\u00a0\u00bb{}\u00a0\u00bb][et_pb_text _builder_version=\u00a0\u00bb4.21.0&Prime; _module_preset=\u00a0\u00bbdefault\u00a0\u00bb text_orientation=\u00a0\u00bbcenter\u00a0\u00bb custom_padding=\u00a0\u00bb10px||10px||true|false\u00a0\u00bb border_width_all=\u00a0\u00bb1px\u00a0\u00bb border_color_all=\u00a0\u00bb#d8d8d8&Prime; global_colors_info=\u00a0\u00bb{}\u00a0\u00bb]<\/p>\n<p>[lmt-post-modified-info]<\/p>\n<p>[\/et_pb_text][\/et_pb_column][\/et_pb_row][\/et_pb_section]<\/p>\n","protected":false},"excerpt":{"rendered":"<p>Fabienne Bernard Apr\u00e8s un dipl\u00f4me de psychologie obtenu en 1989 \u00e0 Descartes &#8211; Paris V, Fabienne BERNARD d\u00e9bute sa vie professionnelle aupr\u00e8s d&rsquo;entreprises publiques et priv\u00e9s pour des missions de recrutements sur les profils de personnalit\u00e9 de cadres et cadres dirigeants. Elle intervient conjointement aupr\u00e8s de centres de formations en communication interpersonnelle et management. En [&hellip;]<\/p>\n","protected":false},"author":1,"featured_media":0,"parent":0,"menu_order":0,"comment_status":"closed","ping_status":"closed","template":"","meta":{"_et_pb_use_builder":"on","_et_pb_old_content":"","_et_gb_content_width":"","footnotes":""},"class_list":["post-7537","page","type-page","status-publish","hentry"],"_links":{"self":[{"href":"https:\/\/wptestkevin.ovh\/.Dev\/wp-json\/wp\/v2\/pages\/7537","targetHints":{"allow":["GET"]}}],"collection":[{"href":"https:\/\/wptestkevin.ovh\/.Dev\/wp-json\/wp\/v2\/pages"}],"about":[{"href":"https:\/\/wptestkevin.ovh\/.Dev\/wp-json\/wp\/v2\/types\/page"}],"author":[{"embeddable":true,"href":"https:\/\/wptestkevin.ovh\/.Dev\/wp-json\/wp\/v2\/users\/1"}],"replies":[{"embeddable":true,"href":"https:\/\/wptestkevin.ovh\/.Dev\/wp-json\/wp\/v2\/comments?post=7537"}],"version-history":[{"count":5,"href":"https:\/\/wptestkevin.ovh\/.Dev\/wp-json\/wp\/v2\/pages\/7537\/revisions"}],"predecessor-version":[{"id":7724,"href":"https:\/\/wptestkevin.ovh\/.Dev\/wp-json\/wp\/v2\/pages\/7537\/revisions\/7724"}],"wp:attachment":[{"href":"https:\/\/wptestkevin.ovh\/.Dev\/wp-json\/wp\/v2\/media?parent=7537"}],"curies":[{"name":"wp","href":"https:\/\/api.w.org\/{rel}","templated":true}]}}