{"id":676,"date":"2023-07-18T16:54:45","date_gmt":"2023-07-18T14:54:45","guid":{"rendered":"http:\/\/wptestkevin.ovh\/.Dev\/?page_id=676"},"modified":"2025-04-24T12:44:31","modified_gmt":"2025-04-24T10:44:31","slug":"les-formations-cpf","status":"publish","type":"page","link":"https:\/\/wptestkevin.ovh\/.Dev\/les-formations-cpf\/","title":{"rendered":"Les formations CPF"},"content":{"rendered":"<p>[et_pb_section fb_built=\u00a0\u00bb1&Prime; _builder_version=\u00a0\u00bb4.19.0&Prime; _module_preset=\u00a0\u00bbdefault\u00a0\u00bb background_color=\u00a0\u00bbgcid-0429de00-debb-4ba4-bbe8-f1178a68dceb\u00a0\u00bb custom_margin=\u00a0\u00bb0px||||false|false\u00a0\u00bb custom_padding=\u00a0\u00bb0px||||false|false\u00a0\u00bb animation_style=\u00a0\u00bbfade\u00a0\u00bb da_disable_devices=\u00a0\u00bboff|off|off\u00a0\u00bb global_colors_info=\u00a0\u00bb{%22gcid-0429de00-debb-4ba4-bbe8-f1178a68dceb%22:%91%22background_color%22%93}\u00a0\u00bb da_is_popup=\u00a0\u00bboff\u00a0\u00bb da_exit_intent=\u00a0\u00bboff\u00a0\u00bb da_has_close=\u00a0\u00bbon\u00a0\u00bb da_alt_close=\u00a0\u00bboff\u00a0\u00bb da_dark_close=\u00a0\u00bboff\u00a0\u00bb da_not_modal=\u00a0\u00bbon\u00a0\u00bb da_is_singular=\u00a0\u00bboff\u00a0\u00bb da_with_loader=\u00a0\u00bboff\u00a0\u00bb da_has_shadow=\u00a0\u00bbon\u00a0\u00bb][et_pb_row use_custom_gutter=\u00a0\u00bbon\u00a0\u00bb gutter_width=\u00a0\u00bb1&Prime; make_equal=\u00a0\u00bbon\u00a0\u00bb custom_padding_last_edited=\u00a0\u00bbon|phone\u00a0\u00bb _builder_version=\u00a0\u00bb4.27.3&Prime; _module_preset=\u00a0\u00bbdefault\u00a0\u00bb background_color=\u00a0\u00bb#FFFFFF\u00a0\u00bb background_image=\u00a0\u00bbhttp:\/\/wptestkevin.ovh\/.Dev\/wp-content\/uploads\/2024\/11\/capucine-cut3.jpg\u00a0\u00bb z_index=\u00a0\u00bb5&Prime; width=\u00a0\u00bb100%\u00a0\u00bb max_width=\u00a0\u00bb100%\u00a0\u00bb custom_margin=\u00a0\u00bb0px|0px||0px|false|false\u00a0\u00bb custom_padding=\u00a0\u00bb50px|0px|50px|0px|false|false\u00a0\u00bb custom_padding_tablet=\u00a0\u00bb50px|0px|50px|0px|false|false\u00a0\u00bb custom_padding_phone=\u00a0\u00bb50px|10px|50px|10px|false|true\u00a0\u00bb global_colors_info=\u00a0\u00bb{}\u00a0\u00bb][et_pb_column type=\u00a0\u00bb4_4&Prime; _builder_version=\u00a0\u00bb4.19.0&Prime; _module_preset=\u00a0\u00bbdefault\u00a0\u00bb global_colors_info=\u00a0\u00bb{}\u00a0\u00bb][et_pb_text _builder_version=\u00a0\u00bb4.21.0&Prime; _module_preset=\u00a0\u00bbdefault\u00a0\u00bb custom_margin=\u00a0\u00bb||25px||false|false\u00a0\u00bb global_colors_info=\u00a0\u00bb{}\u00a0\u00bb]<\/p>\n<h2 style=\"text-align: center;\"><span style=\"color: #ffffff;\">Trouvez rapidement votre formation gr\u00e2ce \u00e0 la recherche par th\u00e8mes<\/span><\/h2>\n<p style=\"text-align: center;\"><span style=\"color: #ffffff;\">exemple : handicap, VHSS, droit d&rsquo;auteur, RSE, sobri\u00e9t\u00e9 \u00e9nerg\u00e9tique, communication, m\u00e9diation artistique, etc&#8230;<\/span><\/p>\n<p>[\/et_pb_text][et_pb_code _builder_version=\u00a0\u00bb4.19.0&Prime; _module_preset=\u00a0\u00bbdefault\u00a0\u00bb z_index=\u00a0\u00bb0&Prime; custom_padding=\u00a0\u00bb|0px||0px|false|true\u00a0\u00bb global_colors_info=\u00a0\u00bb{}\u00a0\u00bb]<!-- Start of Site Search 360 Search Box --><\/p>\n<section role=\"search\" data-ss360=\"true\">   <input type=\"search\" id=\"searchBox\" placeholder=\"Search\u2026\">   <button id=\"searchButton\"><\/button><\/section>\n<p><!-- End of Site Search 360 Search Box -->[\/et_pb_code][\/et_pb_column][\/et_pb_row][et_pb_row custom_padding_last_edited=\u00a0\u00bbon|phone\u00a0\u00bb _builder_version=\u00a0\u00bb4.27.4&Prime; _module_preset=\u00a0\u00bbdefault\u00a0\u00bb background_color=\u00a0\u00bb#FFFFFF\u00a0\u00bb width_tablet=\u00a0\u00bb\u00a0\u00bb width_phone=\u00a0\u00bb95%\u00a0\u00bb width_last_edited=\u00a0\u00bbon|phone\u00a0\u00bb custom_margin=\u00a0\u00bb30px||||false|true\u00a0\u00bb custom_padding=\u00a0\u00bb20px|33px||33px|false|true\u00a0\u00bb custom_padding_tablet=\u00a0\u00bb20px|33px||33px|false|true\u00a0\u00bb custom_padding_phone=\u00a0\u00bb|10px||10px|false|true\u00a0\u00bb global_colors_info=\u00a0\u00bb{}\u00a0\u00bb][et_pb_column type=\u00a0\u00bb4_4&Prime; _builder_version=\u00a0\u00bb4.19.0&Prime; _module_preset=\u00a0\u00bbdefault\u00a0\u00bb global_colors_info=\u00a0\u00bb{}\u00a0\u00bb][et_pb_text _builder_version=\u00a0\u00bb4.21.0&Prime; _module_preset=\u00a0\u00bbdefault\u00a0\u00bb global_colors_info=\u00a0\u00bb{}\u00a0\u00bb]<\/p>\n<h1>Formations pouvant entrer dans le cadre du CPF<\/h1>\n<p>[\/et_pb_text][\/et_pb_column][\/et_pb_row][et_pb_row column_structure=\u00a0\u00bb3_4,1_4&Prime; custom_padding_last_edited=\u00a0\u00bbon|phone\u00a0\u00bb _builder_version=\u00a0\u00bb4.27.4&Prime; _module_preset=\u00a0\u00bbdefault\u00a0\u00bb background_color=\u00a0\u00bb#FFFFFF\u00a0\u00bb width_tablet=\u00a0\u00bb\u00a0\u00bb width_phone=\u00a0\u00bb95%\u00a0\u00bb width_last_edited=\u00a0\u00bbon|phone\u00a0\u00bb custom_margin=\u00a0\u00bb-55px||||false|false\u00a0\u00bb custom_padding=\u00a0\u00bb|33px||33px|false|true\u00a0\u00bb custom_padding_tablet=\u00a0\u00bb|33px||33px|false|true\u00a0\u00bb custom_padding_phone=\u00a0\u00bb|10px||10px|false|true\u00a0\u00bb global_colors_info=\u00a0\u00bb{}\u00a0\u00bb width__hover_enabled=\u00a0\u00bbon|desktop\u00a0\u00bb][et_pb_column type=\u00a0\u00bb3_4&Prime; _builder_version=\u00a0\u00bb4.19.0&Prime; _module_preset=\u00a0\u00bbdefault\u00a0\u00bb global_colors_info=\u00a0\u00bb{}\u00a0\u00bb][et_pb_text _builder_version=\u00a0\u00bb4.27.4&Prime; _module_preset=\u00a0\u00bbdefault\u00a0\u00bb global_colors_info=\u00a0\u00bb{}\u00a0\u00bb]<\/p>\n<p style=\"text-align: justify;\"><strong><span style=\"color: #2271b1;\">Important :<\/span><\/strong> M\u00eame organis\u00e9es en interne, ces formations peuvent \u00eatre \u00e9ligibles dans le cadre du <strong><span style=\"color: #2271b1;\">CPF<\/span><\/strong>.<\/p>\n<p>[\/et_pb_text][et_pb_accordion open_toggle_text_color=\u00a0\u00bb#0C71C3&Prime; closed_toggle_background_color=\u00a0\u00bb#FFFFFF\u00a0\u00bb toggle_icon=\u00a0\u00bb&#xf07c;||fa||400&Prime; icon_color=\u00a0\u00bb#0C71C3&Prime; _builder_version=\u00a0\u00bb4.27.4&Prime; _module_preset=\u00a0\u00bbdefault\u00a0\u00bb toggle_text_color=\u00a0\u00bb#0C71C3&Prime; custom_margin=\u00a0\u00bb|-10px|||false|false\u00a0\u00bb custom_padding=\u00a0\u00bb|20px||20px|false|true\u00a0\u00bb custom_padding_tablet=\u00a0\u00bb|20px||20px|false|true\u00a0\u00bb custom_padding_phone=\u00a0\u00bb|10px||10px|false|true\u00a0\u00bb custom_padding_last_edited=\u00a0\u00bbon|phone\u00a0\u00bb border_width_all=\u00a0\u00bb2px\u00a0\u00bb global_colors_info=\u00a0\u00bb{}\u00a0\u00bb][et_pb_accordion_item title=\u00a0\u00bbToutes les formations CPF\u00a0\u00bb open=\u00a0\u00bbon\u00a0\u00bb _builder_version=\u00a0\u00bb4.27.4&Prime; _module_preset=\u00a0\u00bbdefault\u00a0\u00bb global_colors_info=\u00a0\u00bb{}\u00a0\u00bb toggle_level=\u00a0\u00bbh3&Prime;]<\/p>\n<p style=\"text-align: justify;\">A l\u2019issue de chaque formation, un test en ligne est pass\u00e9 par les stagiaires.<br \/>Le test a une dur\u00e9e d\u2019une heure environ et attribue un score.<\/p>\n<p><strong><span style=\"color: #2271b1;\">Formations d&rsquo;anglais<\/span><\/strong><br \/>&#8211; <a href=\"http:\/\/wptestkevin.ovh\/.Dev\/formations-programmees\/formations-danglais\/anglais-debutant\/\" target=\"_blank\" rel=\"noopener\">Anglais d\u00e9butant<\/a> &#8211; 56 heures\u00a0 ou \u00e0 la demande<br \/>&#8211; <a href=\"http:\/\/wptestkevin.ovh\/.Dev\/formations-programmees\/formations-danglais\/anglais-intermediaire\/\" target=\"_blank\" rel=\"noopener\">Anglais interm\u00e9diaire<\/a> &#8211; 56 heures\u00a0 ou \u00e0 la demande<br \/>&#8211; <a href=\"http:\/\/wptestkevin.ovh\/.Dev\/formations-programmees\/formations-danglais\/anglais-avance\/\" target=\"_blank\" rel=\"noopener\">Anglais avanc\u00e9<\/a> &#8211; 56 heures\u00a0 ou \u00e0 la demande<\/p>\n<p><strong><span style=\"color: #2271b1;\">Communications et m\u00e9diations num\u00e9riques<\/span><\/strong><br \/>&#8211; <a href=\"http:\/\/wptestkevin.ovh\/.Dev\/formations-programmees\/communications-et-mediations-numeriques\/creer-un-site-rapidement-avec-wordpress\/\" target=\"_blank\" rel=\"noopener\">Cr\u00e9er un site rapidement avec WordPress<\/a> &#8211; 21 heures<\/p>\n<p><strong><span style=\"color: #2271b1;\">Informatique et bureautique<\/span><\/strong><br \/>&#8211; <a href=\"http:\/\/wptestkevin.ovh\/.Dev\/formations-programmees\/informatique-et-bureautique\/excel-les-fondamentaux\/\" target=\"_blank\" rel=\"noopener\">Excel, les fondamentaux<\/a> &#8211; 21 heures<br \/>&#8211; <a href=\"http:\/\/wptestkevin.ovh\/.Dev\/formations-programmees\/informatique-et-bureautique\/excel-perfectionnement\/\" target=\"_blank\" rel=\"noopener\">Excel, perfectionnement<\/a> &#8211; 14 heures<br \/>&#8211; <a href=\"http:\/\/wptestkevin.ovh\/.Dev\/formations-programmees\/informatique-et-bureautique\/powerpoint\/\" target=\"_blank\" rel=\"noopener\">Powerpoint<\/a> &#8211; 7 heures<br \/>&#8211; <a href=\"http:\/\/wptestkevin.ovh\/.Dev\/formations-programmees\/informatique-et-bureautique\/photoshop-les-fondamentaux\/\" target=\"_blank\" rel=\"noopener\">Photoshop, les fondamentaux<\/a> &#8211; 21 heures<br \/>&#8211; <a href=\"http:\/\/wptestkevin.ovh\/.Dev\/formations-programmees\/informatique-et-bureautique\/photoshop-perfectionnement\/\" target=\"_blank\" rel=\"noopener\">Photoshop, perfectionnement<\/a> &#8211; 14 heures<br \/>&#8211; <a href=\"http:\/\/wptestkevin.ovh\/.Dev\/formations-programmees\/informatique-et-bureautique\/indesign-les-fondamentaux\/\" target=\"_blank\" rel=\"noopener\">Indesign, les fondamentaux<\/a>\u00a0&#8211; 28 heures<br \/>&#8211; <a href=\"http:\/\/wptestkevin.ovh\/.Dev\/formations-programmees\/informatique-et-bureautique\/indesign-perfectionnement\/\" target=\"_blank\" rel=\"noopener\">Indesign, perfectionnement<\/a>\u00a0&#8211; 21 heures<br \/>&#8211; <a href=\"http:\/\/wptestkevin.ovh\/.Dev\/formations-programmees\/informatique-et-bureautique\/optimiser-sa-communication-interne-avec-outlook-teams-et-onedrive\/\" target=\"_blank\" rel=\"noopener\">Optimiser sa communication interne avec Outlook, Teams et OneDrive<\/a>\u00a0&#8211; 14\u00a0heures<\/p>\n<p><strong><span style=\"color: #2271b1;\">Formations des artistes-auteurs<\/span><\/strong><br \/>&#8211; <a href=\"http:\/\/wptestkevin.ovh\/.Dev\/formations-programmees\/formations-des-artistes-auteurs\/anglais-debutant\/\" target=\"_blank\" rel=\"noopener\">Anglais d\u00e9butant<\/a> &#8211; 56 heures\u00a0 ou \u00e0 la demande<br \/>&#8211; <a href=\"http:\/\/wptestkevin.ovh\/.Dev\/formations-programmees\/formations-des-artistes-auteurs\/anglais-intermediaire\/\" target=\"_blank\" rel=\"noopener\">Anglais interm\u00e9diaire<\/a> &#8211; 56 heures\u00a0 ou \u00e0 la demande<br \/>&#8211; <a href=\"http:\/\/wptestkevin.ovh\/.Dev\/formations-programmees\/formations-des-artistes-auteurs\/anglais-avance\/\" target=\"_blank\" rel=\"noopener\">Anglais avanc\u00e9<\/a> &#8211; 56 heures\u00a0 ou \u00e0 la demande<br \/>&#8211; <a href=\"http:\/\/wptestkevin.ovh\/.Dev\/formations-programmees\/formations-des-artistes-auteurs\/photoshop-les-fondamentaux\/\" target=\"_blank\" rel=\"noopener\">Photoshop, les fondamentaux<\/a> &#8211; 21 heures<br \/>&#8211; <a href=\"http:\/\/wptestkevin.ovh\/.Dev\/formations-programmees\/formations-des-artistes-auteurs\/photoshop-perfectionnement\/\" target=\"_blank\" rel=\"noopener\">Photoshop, perfectionnement<\/a> &#8211; 14 heures<br \/>&#8211; <a href=\"http:\/\/wptestkevin.ovh\/.Dev\/formations-programmees\/formations-des-artistes-auteurs\/indesign-les-fondamentaux\/\" target=\"_blank\" rel=\"noopener\">Indesign, les fondamentaux<\/a>\u00a0&#8211; 28 heures<br \/>&#8211; <a href=\"http:\/\/wptestkevin.ovh\/.Dev\/formations-programmees\/formations-des-artistes-auteurs\/indesign-perfectionnement\/\" target=\"_blank\" rel=\"noopener\">Indesign, perfectionnement<\/a>\u00a0&#8211; 21 heures<br \/>&#8211; <a href=\"http:\/\/wptestkevin.ovh\/.Dev\/formations-programmees\/formations-des-artistes-auteurs\/creer-un-site-rapidement-avec-wordpress\/\" target=\"_blank\" rel=\"noopener\">Cr\u00e9er un site rapidement avec WordPress<\/a> &#8211; 21 heures<\/p>\n<p>[\/et_pb_accordion_item][et_pb_accordion_item title=\u00a0\u00bbFormations CPF \u00e0 certification %22Tests TOSA%22&Prime; _builder_version=\u00a0\u00bb4.27.4&Prime; _module_preset=\u00a0\u00bbdefault\u00a0\u00bb global_colors_info=\u00a0\u00bb{}\u00a0\u00bb toggle_level=\u00a0\u00bbh3&Prime; toggle_text_align=\u00a0\u00bbleft\u00a0\u00bb open=\u00a0\u00bboff\u00a0\u00bb]<\/p>\n<p><strong><span style=\"color: #2271b1;\">Communications et m\u00e9diations num\u00e9riques<\/span><\/strong><br \/>&#8211; <a href=\"http:\/\/wptestkevin.ovh\/.Dev\/formations-programmees\/communications-et-mediations-numeriques\/creer-un-site-rapidement-avec-wordpress\/\" target=\"_blank\" rel=\"noopener\">Cr\u00e9er un site rapidement avec WordPress<\/a> &#8211; 21 heures<\/p>\n<p><strong><span style=\"color: #2271b1;\">Informatique et bureautique<\/span><\/strong><br \/>&#8211; <a href=\"http:\/\/wptestkevin.ovh\/.Dev\/formations-programmees\/informatique-et-bureautique\/excel-les-fondamentaux\/\" target=\"_blank\" rel=\"noopener\">Excel, les fondamentaux<\/a> &#8211; 21 heures<br \/>&#8211; <a href=\"http:\/\/wptestkevin.ovh\/.Dev\/formations-programmees\/informatique-et-bureautique\/excel-perfectionnement\/\" target=\"_blank\" rel=\"noopener\">Excel, perfectionnement<\/a> &#8211; 14 heures<br \/>&#8211; <a href=\"http:\/\/wptestkevin.ovh\/.Dev\/formations-programmees\/informatique-et-bureautique\/powerpoint\/\" target=\"_blank\" rel=\"noopener\">Powerpoint<\/a> &#8211; 7 heures<br \/>&#8211; <a href=\"http:\/\/wptestkevin.ovh\/.Dev\/formations-programmees\/informatique-et-bureautique\/photoshop-les-fondamentaux\/\" target=\"_blank\" rel=\"noopener\">Photoshop, les fondamentaux<\/a> &#8211; 21 heures<br \/>&#8211; <a href=\"http:\/\/wptestkevin.ovh\/.Dev\/formations-programmees\/informatique-et-bureautique\/photoshop-perfectionnement\/\" target=\"_blank\" rel=\"noopener\">Photoshop, perfectionnement<\/a> &#8211; 14 heures<br \/>&#8211; <a href=\"http:\/\/wptestkevin.ovh\/.Dev\/formations-programmees\/informatique-et-bureautique\/indesign-les-fondamentaux\/\" target=\"_blank\" rel=\"noopener\">Indesign, les fondamentaux<\/a>\u00a0&#8211; 28 heures<br \/>&#8211; <a href=\"http:\/\/wptestkevin.ovh\/.Dev\/formations-programmees\/informatique-et-bureautique\/indesign-perfectionnement\/\" target=\"_blank\" rel=\"noopener\">Indesign, perfectionnement<\/a>\u00a0&#8211; 21 heures<br \/>&#8211; <a href=\"http:\/\/wptestkevin.ovh\/.Dev\/formations-programmees\/informatique-et-bureautique\/optimiser-sa-communication-interne-avec-outlook-teams-et-onedrive\/\" target=\"_blank\" rel=\"noopener\">Optimiser sa communication interne avec Outlook, Teams et OneDrive<\/a>\u00a0&#8211; 14\u00a0heures<\/p>\n<p><strong><span style=\"color: #2271b1;\">Formations des artistes-auteurs<\/span><\/strong><br \/>&#8211; <a href=\"http:\/\/wptestkevin.ovh\/.Dev\/formations-programmees\/formations-des-artistes-auteurs\/photoshop-les-fondamentaux\/\" target=\"_blank\" rel=\"noopener\">Photoshop, les fondamentaux<\/a> &#8211; 21 heures<br \/>&#8211; <a href=\"http:\/\/wptestkevin.ovh\/.Dev\/formations-programmees\/formations-des-artistes-auteurs\/photoshop-perfectionnement\/\" target=\"_blank\" rel=\"noopener\">Photoshop, perfectionnement<\/a> &#8211; 14 heures<br \/>&#8211; <a href=\"http:\/\/wptestkevin.ovh\/.Dev\/formations-programmees\/formations-des-artistes-auteurs\/indesign-les-fondamentaux\/\" target=\"_blank\" rel=\"noopener\">Indesign, les fondamentaux<\/a>\u00a0&#8211; 28 heures<br \/>&#8211; <a href=\"http:\/\/wptestkevin.ovh\/.Dev\/formations-programmees\/formations-des-artistes-auteurs\/indesign-perfectionnement\/\" target=\"_blank\" rel=\"noopener\">Indesign, perfectionnement<\/a>\u00a0&#8211; 21 heures<br \/>&#8211; <a href=\"http:\/\/wptestkevin.ovh\/.Dev\/formations-programmees\/formations-des-artistes-auteurs\/creer-un-site-rapidement-avec-wordpress\/\" target=\"_blank\" rel=\"noopener\">Cr\u00e9er un site rapidement avec WordPress<\/a> &#8211; 21 heures<\/p>\n<p>[\/et_pb_accordion_item][et_pb_accordion_item title=\u00a0\u00bbFormations CPF \u00e0 certification %22Tests TOEIC%22&Prime; _builder_version=\u00a0\u00bb4.27.4&Prime; _module_preset=\u00a0\u00bbdefault\u00a0\u00bb global_colors_info=\u00a0\u00bb{}\u00a0\u00bb toggle_level=\u00a0\u00bbh3&Prime; open=\u00a0\u00bboff\u00a0\u00bb]<\/p>\n<p><strong><span style=\"color: #2271b1;\">Formations d&rsquo;anglais<\/span><\/strong><br \/>&#8211; <a href=\"http:\/\/wptestkevin.ovh\/.Dev\/formations-programmees\/formations-danglais\/anglais-debutant\/\" target=\"_blank\" rel=\"noopener\">Anglais d\u00e9butant<\/a> &#8211; 56 heures\u00a0 ou \u00e0 la demande<br \/>&#8211; <a href=\"http:\/\/wptestkevin.ovh\/.Dev\/formations-programmees\/formations-danglais\/anglais-intermediaire\/\" target=\"_blank\" rel=\"noopener\">Anglais interm\u00e9diaire<\/a> &#8211; 56 heures\u00a0 ou \u00e0 la demande<br \/>&#8211; <a href=\"http:\/\/wptestkevin.ovh\/.Dev\/formations-programmees\/formations-danglais\/anglais-avance\/\" target=\"_blank\" rel=\"noopener\">Anglais avanc\u00e9<\/a> &#8211; 56 heures\u00a0 ou \u00e0 la demande<\/p>\n<p><strong><span style=\"color: #2271b1;\">Formations des artistes-auteurs<\/span><\/strong><strong><br \/><\/strong>&#8211; <a href=\"http:\/\/wptestkevin.ovh\/.Dev\/formations-programmees\/formations-des-artistes-auteurs\/anglais-debutant\/\" target=\"_blank\" rel=\"noopener\">Anglais d\u00e9butant<\/a> &#8211; 56 heures\u00a0 ou \u00e0 la demande<br \/>&#8211; <a href=\"http:\/\/wptestkevin.ovh\/.Dev\/formations-programmees\/formations-des-artistes-auteurs\/anglais-intermediaire\/\" target=\"_blank\" rel=\"noopener\">Anglais interm\u00e9diaire<\/a> &#8211; 56 heures\u00a0 ou \u00e0 la demande<br \/>&#8211; <a href=\"http:\/\/wptestkevin.ovh\/.Dev\/formations-programmees\/formations-des-artistes-auteurs\/anglais-avance\/\" target=\"_blank\" rel=\"noopener\">Anglais avanc\u00e9<\/a> &#8211; 56 heures\u00a0 ou \u00e0 la demande<\/p>\n<p>[\/et_pb_accordion_item][\/et_pb_accordion][et_pb_text _builder_version=\u00a0\u00bb4.27.4&Prime; _module_preset=\u00a0\u00bbdefault\u00a0\u00bb global_colors_info=\u00a0\u00bb{}\u00a0\u00bb]<\/p>\n<p>&#8211;<span style=\"color: #2271b1;\"> Certification <span>RS5252<\/span> &#8211; Tosa Excel<\/span><br \/>&#8211;<span style=\"color: #2271b1;\"> Certification <span>RS6958<\/span> &#8211; Tosa Outlook<\/span><br \/>&#8211;<span style=\"color: #2271b1;\"> Certification <span>RS6961<\/span> &#8211; Tosa Powerpoint<\/span><br \/>&#8211;<span style=\"color: #2271b1;\"> Certification <span>RS6959<\/span> &#8211; Tosa Photoshop<\/span><br \/>&#8211;<span style=\"color: #2271b1;\"> Certification <span>RS6965<\/span> &#8211; Tosa WordPress<\/span><br \/>&#8211;<span style=\"color: #2271b1;\"> Certification <span>RS6957<\/span> &#8211; Tosa InDesign<\/span><br \/>&#8211; <span style=\"color: #2271b1;\">Certification RS6151 &#8211; Tests TOEIC ( Test of English for International Communication )<\/span><\/p>\n<p style=\"text-align: left;\"><span style=\"color: #2271b1;\"><strong>Modalit\u00e9s de prise en charge et montage de votre dossier de financement : <a href=\"mailto:formation@agecif.com\">formation@agecif.com<\/a><\/strong><\/span><\/p>\n<p>[\/et_pb_text][\/et_pb_column][et_pb_column type=\u00a0\u00bb1_4&Prime; _builder_version=\u00a0\u00bb4.19.0&Prime; _module_preset=\u00a0\u00bbdefault\u00a0\u00bb global_colors_info=\u00a0\u00bb{}\u00a0\u00bb][et_pb_image src=\u00a0\u00bbhttp:\/\/wptestkevin.ovh\/.Dev\/wp-content\/uploads\/2023\/07\/Le_Point_Statista2.png\u00a0\u00bb title_text=\u00a0\u00bbLe_Point_Statista2&Prime; align=\u00a0\u00bbcenter\u00a0\u00bb _builder_version=\u00a0\u00bb4.27.3&Prime; _module_preset=\u00a0\u00bbdefault\u00a0\u00bb global_colors_info=\u00a0\u00bb{}\u00a0\u00bb][\/et_pb_image][et_pb_blog fullwidth=\u00a0\u00bboff\u00a0\u00bb posts_number=\u00a0\u00bb1&Prime; include_categories=\u00a0\u00bball\u00a0\u00bb meta_date=\u00a0\u00bbj,M,Y\u00a0\u00bb use_manual_excerpt=\u00a0\u00bboff\u00a0\u00bb excerpt_length=\u00a0\u00bb150&Prime; show_more=\u00a0\u00bbon\u00a0\u00bb show_author=\u00a0\u00bboff\u00a0\u00bb show_pagination=\u00a0\u00bboff\u00a0\u00bb _builder_version=\u00a0\u00bb4.27.4&Prime; _module_preset=\u00a0\u00bbdefault\u00a0\u00bb global_colors_info=\u00a0\u00bb{}\u00a0\u00bb][\/et_pb_blog][\/et_pb_column][\/et_pb_row][et_pb_row custom_padding_last_edited=\u00a0\u00bbon|phone\u00a0\u00bb _builder_version=\u00a0\u00bb4.27.4&Prime; _module_preset=\u00a0\u00bbdefault\u00a0\u00bb background_color=\u00a0\u00bb#FFFFFF\u00a0\u00bb width_tablet=\u00a0\u00bb\u00a0\u00bb width_phone=\u00a0\u00bb95%\u00a0\u00bb width_last_edited=\u00a0\u00bbon|phone\u00a0\u00bb custom_margin=\u00a0\u00bb30px||||false|false\u00a0\u00bb custom_padding=\u00a0\u00bb|33px||33px|false|true\u00a0\u00bb custom_padding_tablet=\u00a0\u00bb|33px||33px|false|true\u00a0\u00bb custom_padding_phone=\u00a0\u00bb|10px||10px|false|true\u00a0\u00bb global_colors_info=\u00a0\u00bb{}\u00a0\u00bb][et_pb_column type=\u00a0\u00bb4_4&Prime; _builder_version=\u00a0\u00bb4.19.0&Prime; _module_preset=\u00a0\u00bbdefault\u00a0\u00bb global_colors_info=\u00a0\u00bb{}\u00a0\u00bb][et_pb_text _builder_version=\u00a0\u00bb4.27.4&Prime; _module_preset=\u00a0\u00bbdefault\u00a0\u00bb global_colors_info=\u00a0\u00bb{}\u00a0\u00bb]<\/p>\n<p><span style=\"color: #2271b1;\"><strong>Pour davantage d&rsquo;informations<\/strong><\/span><br \/><a href=\"https:\/\/wptestkevin.ovh\/.Dev\/tarifs-delais-et-inscription\/\">Tarifs et inscription<\/a><br \/><a href=\"https:\/\/wptestkevin.ovh\/.Dev\/financements\/\">Financements<\/a><br \/><a href=\"https:\/\/wptestkevin.ovh\/.Dev\/les-objectifs-de-formation\/\">Objectifs de formation<\/a><br \/><a href=\"https:\/\/wptestkevin.ovh\/.Dev\/reglements-interieurs-des-formations\/\">R\u00e8glement int\u00e9rieur<\/a><br \/><a href=\"https:\/\/wptestkevin.ovh\/.Dev\/conditions-generales-de-vente\/\">Conditions g\u00e9n\u00e9rales de vente<\/a><br \/><a href=\"https:\/\/wptestkevin.ovh\/.Dev\/la-qualite\/\">D\u00e9marche qualit\u00e9<\/a><\/p>\n<p>[\/et_pb_text][\/et_pb_column][\/et_pb_row][\/et_pb_section]<\/p>\n","protected":false},"excerpt":{"rendered":"<p>Trouvez rapidement votre formation gr\u00e2ce \u00e0 la recherche par th\u00e8mes exemple : handicap, VHSS, droit d&rsquo;auteur, RSE, sobri\u00e9t\u00e9 \u00e9nerg\u00e9tique, communication, m\u00e9diation artistique, etc&#8230;Formations pouvant entrer dans le cadre du CPFImportant : M\u00eame organis\u00e9es en interne, ces formations peuvent \u00eatre \u00e9ligibles dans le cadre du CPF.A l\u2019issue de chaque formation, un test en ligne est pass\u00e9 [&hellip;]<\/p>\n","protected":false},"author":1,"featured_media":0,"parent":0,"menu_order":0,"comment_status":"closed","ping_status":"closed","template":"","meta":{"_et_pb_use_builder":"on","_et_pb_old_content":"","_et_gb_content_width":"","footnotes":""},"class_list":["post-676","page","type-page","status-publish","hentry"],"_links":{"self":[{"href":"https:\/\/wptestkevin.ovh\/.Dev\/wp-json\/wp\/v2\/pages\/676","targetHints":{"allow":["GET"]}}],"collection":[{"href":"https:\/\/wptestkevin.ovh\/.Dev\/wp-json\/wp\/v2\/pages"}],"about":[{"href":"https:\/\/wptestkevin.ovh\/.Dev\/wp-json\/wp\/v2\/types\/page"}],"author":[{"embeddable":true,"href":"https:\/\/wptestkevin.ovh\/.Dev\/wp-json\/wp\/v2\/users\/1"}],"replies":[{"embeddable":true,"href":"https:\/\/wptestkevin.ovh\/.Dev\/wp-json\/wp\/v2\/comments?post=676"}],"version-history":[{"count":33,"href":"https:\/\/wptestkevin.ovh\/.Dev\/wp-json\/wp\/v2\/pages\/676\/revisions"}],"predecessor-version":[{"id":9119,"href":"https:\/\/wptestkevin.ovh\/.Dev\/wp-json\/wp\/v2\/pages\/676\/revisions\/9119"}],"wp:attachment":[{"href":"https:\/\/wptestkevin.ovh\/.Dev\/wp-json\/wp\/v2\/media?parent=676"}],"curies":[{"name":"wp","href":"https:\/\/api.w.org\/{rel}","templated":true}]}}